{"id":5511,"date":"2026-04-13T11:55:59","date_gmt":"2026-04-13T09:55:59","guid":{"rendered":"https:\/\/eraztunberdeurdina.eus\/?post_type=ibilbideak&#038;p=5511"},"modified":"2026-04-15T09:13:37","modified_gmt":"2026-04-15T07:13:37","slug":"camino-de-los-humedales","status":"publish","type":"ibilbideak","link":"https:\/\/eraztunberdeurdina.eus\/es\/rutas\/camino-de-los-humedales\/","title":{"rendered":"Camino de los humedales"},"content":{"rendered":"\n<p>Recorrido de 5 kil\u00f3metros que une el <strong>biotopo de I\u00f1urritza<\/strong> y el <strong>humedal de Irita-Asti<\/strong>. Sin ning\u00fan tipo de dificultad orogr\u00e1fica, comienza y finaliza en la zona deportiva de Asti, donde se puede aparcar el coche y disfrutar de una zona de esparcimiento con parque infantil y zona de picnic con parrillas y mesas de madera.<\/p>\n\n\n\n<p>Los humedales son un gran activo en la lucha contra el cambio clim\u00e1tico y son el h\u00e1bitat de muchas especies en peligro de extinci\u00f3n.<\/p>\n\n\n\n<p><\/p>\n","protected":false},"featured_media":4343,"template":"","meta":{"_acf_changed":true,"site-sidebar-layout":"default","site-content-layout":"","ast-site-content-layout":"full-width-container","site-content-style":"default","site-sidebar-style":"default","ast-global-header-display":"","ast-banner-title-visibility":"","ast-main-header-display":"","ast-hfb-above-header-display":"","ast-hfb-below-header-display":"","ast-hfb-mobile-header-display":"","site-post-title":"","ast-breadcrumbs-content":"","ast-featured-img":"","footer-sml-layout":"","ast-disable-related-posts":"","theme-transparent-header-meta":"","adv-header-id-meta":"","stick-header-meta":"","header-above-stick-meta":"","header-main-stick-meta":"","header-below-stick-meta":"","astra-migrate-meta-layouts":"default","ast-page-background-enabled":"default","ast-page-background-meta":{"desktop":{"background-color":"var(--ast-global-color-5)","background-image":"","background-repeat":"repeat","background-position":"center center","background-size":"auto","background-attachment":"scroll","background-type":"","background-media":"","overlay-type":"","overlay-color":"","overlay-opacity":"","overlay-gradient":""},"tablet":{"background-color":"","background-image":"","background-repeat":"repeat","background-position":"center center","background-size":"auto","background-attachment":"scroll","background-type":"","background-media":"","overlay-type":"","overlay-color":"","overlay-opacity":"","overlay-gradient":""},"mobile":{"background-color":"","background-image":"","background-repeat":"repeat","background-position":"center center","background-size":"auto","background-attachment":"scroll","background-type":"","background-media":"","overlay-type":"","overlay-color":"","overlay-opacity":"","overlay-gradient":""}},"ast-content-background-meta":{"desktop":{"background-color":"var(--ast-global-color-4)","background-image":"","background-repeat":"repeat","background-position":"center center","background-size":"auto","background-attachment":"scroll","background-type":"","background-media":"","overlay-type":"","overlay-color":"","overlay-opacity":"","overlay-gradient":""},"tablet":{"background-color":"var(--ast-global-color-4)","background-image":"","background-repeat":"repeat","background-position":"center center","background-size":"auto","background-attachment":"scroll","background-type":"","background-media":"","overlay-type":"","overlay-color":"","overlay-opacity":"","overlay-gradient":""},"mobile":{"background-color":"var(--ast-global-color-4)","background-image":"","background-repeat":"repeat","background-position":"center center","background-size":"auto","background-attachment":"scroll","background-type":"","background-media":"","overlay-type":"","overlay-color":"","overlay-opacity":"","overlay-gradient":""}}},"motak":[],"class_list":["post-5511","ibilbideak","type-ibilbideak","status-publish","has-post-thumbnail","hentry"],"acf":[],"yoast_head":"<!-- This site is optimized with the Yoast SEO plugin v27.1.1 - https:\/\/yoast.com\/product\/yoast-seo-wordpress\/ -->\n<title>Camino de los humedales - Anillo Verde Azul de Zarautz<\/title>\n<meta name=\"description\" content=\"Recorrido sin ning\u00fan tipo de dificultad orogr\u00e1fica de 5 Km que une el biotopo de I\u00f1urritza y el humedal de Irita-Asti.\" \/>\n<meta name=\"robots\" content=\"index, follow, max-snippet:-1, max-image-preview:large, max-video-preview:-1\" \/>\n<link rel=\"canonical\" href=\"https:\/\/eraztunberdeurdina.eus\/es\/rutas\/camino-de-los-humedales\/\" \/>\n<meta property=\"og:locale\" content=\"es_ES\" \/>\n<meta property=\"og:type\" content=\"article\" \/>\n<meta property=\"og:title\" content=\"Camino de los humedales - Anillo Verde Azul de Zarautz\" \/>\n<meta property=\"og:description\" content=\"Recorrido sin ning\u00fan tipo de dificultad orogr\u00e1fica de 5 Km que une el biotopo de I\u00f1urritza y el humedal de Irita-Asti.\" \/>\n<meta property=\"og:url\" content=\"https:\/\/eraztunberdeurdina.eus\/es\/rutas\/camino-de-los-humedales\/\" \/>\n<meta property=\"og:site_name\" content=\"Anillo Verde Azul de Zarautz\" \/>\n<meta property=\"article:modified_time\" content=\"2026-04-15T07:13:37+00:00\" \/>\n<meta property=\"og:image\" content=\"https:\/\/eraztunberdeurdina.eus\/wp-content\/uploads\/2025\/05\/Irita-600x600.jpg\" \/>\n\t<meta property=\"og:image:width\" content=\"600\" \/>\n\t<meta property=\"og:image:height\" content=\"600\" \/>\n\t<meta property=\"og:image:type\" content=\"image\/jpeg\" \/>\n<meta name=\"twitter:card\" content=\"summary_large_image\" \/>\n<meta name=\"twitter:label1\" content=\"Tiempo de lectura\" \/>\n\t<meta name=\"twitter:data1\" content=\"1 minuto\" \/>\n<script type=\"application\/ld+json\" class=\"yoast-schema-graph\">{\"@context\":\"https:\/\/schema.org\",\"@graph\":[{\"@type\":\"WebPage\",\"@id\":\"https:\/\/eraztunberdeurdina.eus\/es\/rutas\/camino-de-los-humedales\/\",\"url\":\"https:\/\/eraztunberdeurdina.eus\/es\/rutas\/camino-de-los-humedales\/\",\"name\":\"Camino de los humedales - Anillo Verde Azul de Zarautz\",\"isPartOf\":{\"@id\":\"https:\/\/eraztunberdeurdina.eus\/#website\"},\"primaryImageOfPage\":{\"@id\":\"https:\/\/eraztunberdeurdina.eus\/es\/rutas\/camino-de-los-humedales\/#primaryimage\"},\"image\":{\"@id\":\"https:\/\/eraztunberdeurdina.eus\/es\/rutas\/camino-de-los-humedales\/#primaryimage\"},\"thumbnailUrl\":\"https:\/\/eraztunberdeurdina.eus\/wp-content\/uploads\/2025\/05\/Irita.jpg\",\"datePublished\":\"2026-04-13T09:55:59+00:00\",\"dateModified\":\"2026-04-15T07:13:37+00:00\",\"description\":\"Recorrido sin ning\u00fan tipo de dificultad orogr\u00e1fica de 5 Km que une el biotopo de I\u00f1urritza y el humedal de Irita-Asti.\",\"breadcrumb\":{\"@id\":\"https:\/\/eraztunberdeurdina.eus\/es\/rutas\/camino-de-los-humedales\/#breadcrumb\"},\"inLanguage\":\"es\",\"potentialAction\":[{\"@type\":\"ReadAction\",\"target\":[\"https:\/\/eraztunberdeurdina.eus\/es\/rutas\/camino-de-los-humedales\/\"]}]},{\"@type\":\"ImageObject\",\"inLanguage\":\"es\",\"@id\":\"https:\/\/eraztunberdeurdina.eus\/es\/rutas\/camino-de-los-humedales\/#primaryimage\",\"url\":\"https:\/\/eraztunberdeurdina.eus\/wp-content\/uploads\/2025\/05\/Irita.jpg\",\"contentUrl\":\"https:\/\/eraztunberdeurdina.eus\/wp-content\/uploads\/2025\/05\/Irita.jpg\",\"width\":4000,\"height\":1670},{\"@type\":\"BreadcrumbList\",\"@id\":\"https:\/\/eraztunberdeurdina.eus\/es\/rutas\/camino-de-los-humedales\/#breadcrumb\",\"itemListElement\":[{\"@type\":\"ListItem\",\"position\":1,\"name\":\"Home\",\"item\":\"https:\/\/eraztunberdeurdina.eus\/es\/anillo-verde-azul\/\"},{\"@type\":\"ListItem\",\"position\":2,\"name\":\"Rutas\",\"item\":\"https:\/\/eraztunberdeurdina.eus\/es\/rutas\/\"},{\"@type\":\"ListItem\",\"position\":3,\"name\":\"Camino de los humedales\"}]},{\"@type\":\"WebSite\",\"@id\":\"https:\/\/eraztunberdeurdina.eus\/#website\",\"url\":\"https:\/\/eraztunberdeurdina.eus\/\",\"name\":\"Zarauzko Eraztun Berde Urdina\",\"description\":\"Herri-inguruko berdeguneen zaintza\",\"publisher\":{\"@id\":\"https:\/\/eraztunberdeurdina.eus\/#organization\"},\"potentialAction\":[{\"@type\":\"SearchAction\",\"target\":{\"@type\":\"EntryPoint\",\"urlTemplate\":\"https:\/\/eraztunberdeurdina.eus\/?s={search_term_string}\"},\"query-input\":{\"@type\":\"PropertyValueSpecification\",\"valueRequired\":true,\"valueName\":\"search_term_string\"}}],\"inLanguage\":\"es\"},{\"@type\":\"Organization\",\"@id\":\"https:\/\/eraztunberdeurdina.eus\/#organization\",\"name\":\"Zarauzko Eraztun Berde Urdina\",\"url\":\"https:\/\/eraztunberdeurdina.eus\/\",\"logo\":{\"@type\":\"ImageObject\",\"inLanguage\":\"es\",\"@id\":\"https:\/\/eraztunberdeurdina.eus\/#\/schema\/logo\/image\/\",\"url\":\"https:\/\/eraztunberdeurdina.eus\/wp-content\/uploads\/2018\/07\/EBUkoloretan.jpg\",\"contentUrl\":\"https:\/\/eraztunberdeurdina.eus\/wp-content\/uploads\/2018\/07\/EBUkoloretan.jpg\",\"width\":934,\"height\":687,\"caption\":\"Zarauzko Eraztun Berde Urdina\"},\"image\":{\"@id\":\"https:\/\/eraztunberdeurdina.eus\/#\/schema\/logo\/image\/\"}}]}<\/script>\n<!-- \/ Yoast SEO plugin. -->","yoast_head_json":{"title":"Camino de los humedales - Anillo Verde Azul de Zarautz","description":"Recorrido sin ning\u00fan tipo de dificultad orogr\u00e1fica de 5 Km que une el biotopo de I\u00f1urritza y el humedal de Irita-Asti.","robots":{"index":"index","follow":"follow","max-snippet":"max-snippet:-1","max-image-preview":"max-image-preview:large","max-video-preview":"max-video-preview:-1"},"canonical":"https:\/\/eraztunberdeurdina.eus\/es\/rutas\/camino-de-los-humedales\/","og_locale":"es_ES","og_type":"article","og_title":"Camino de los humedales - Anillo Verde Azul de Zarautz","og_description":"Recorrido sin ning\u00fan tipo de dificultad orogr\u00e1fica de 5 Km que une el biotopo de I\u00f1urritza y el humedal de Irita-Asti.","og_url":"https:\/\/eraztunberdeurdina.eus\/es\/rutas\/camino-de-los-humedales\/","og_site_name":"Anillo Verde Azul de Zarautz","article_modified_time":"2026-04-15T07:13:37+00:00","og_image":[{"width":600,"height":600,"url":"https:\/\/eraztunberdeurdina.eus\/wp-content\/uploads\/2025\/05\/Irita-600x600.jpg","type":"image\/jpeg"}],"twitter_card":"summary_large_image","twitter_misc":{"Tiempo de lectura":"1 minuto"},"schema":{"@context":"https:\/\/schema.org","@graph":[{"@type":"WebPage","@id":"https:\/\/eraztunberdeurdina.eus\/es\/rutas\/camino-de-los-humedales\/","url":"https:\/\/eraztunberdeurdina.eus\/es\/rutas\/camino-de-los-humedales\/","name":"Camino de los humedales - Anillo Verde Azul de Zarautz","isPartOf":{"@id":"https:\/\/eraztunberdeurdina.eus\/#website"},"primaryImageOfPage":{"@id":"https:\/\/eraztunberdeurdina.eus\/es\/rutas\/camino-de-los-humedales\/#primaryimage"},"image":{"@id":"https:\/\/eraztunberdeurdina.eus\/es\/rutas\/camino-de-los-humedales\/#primaryimage"},"thumbnailUrl":"https:\/\/eraztunberdeurdina.eus\/wp-content\/uploads\/2025\/05\/Irita.jpg","datePublished":"2026-04-13T09:55:59+00:00","dateModified":"2026-04-15T07:13:37+00:00","description":"Recorrido sin ning\u00fan tipo de dificultad orogr\u00e1fica de 5 Km que une el biotopo de I\u00f1urritza y el humedal de Irita-Asti.","breadcrumb":{"@id":"https:\/\/eraztunberdeurdina.eus\/es\/rutas\/camino-de-los-humedales\/#breadcrumb"},"inLanguage":"es","potentialAction":[{"@type":"ReadAction","target":["https:\/\/eraztunberdeurdina.eus\/es\/rutas\/camino-de-los-humedales\/"]}]},{"@type":"ImageObject","inLanguage":"es","@id":"https:\/\/eraztunberdeurdina.eus\/es\/rutas\/camino-de-los-humedales\/#primaryimage","url":"https:\/\/eraztunberdeurdina.eus\/wp-content\/uploads\/2025\/05\/Irita.jpg","contentUrl":"https:\/\/eraztunberdeurdina.eus\/wp-content\/uploads\/2025\/05\/Irita.jpg","width":4000,"height":1670},{"@type":"BreadcrumbList","@id":"https:\/\/eraztunberdeurdina.eus\/es\/rutas\/camino-de-los-humedales\/#breadcrumb","itemListElement":[{"@type":"ListItem","position":1,"name":"Home","item":"https:\/\/eraztunberdeurdina.eus\/es\/anillo-verde-azul\/"},{"@type":"ListItem","position":2,"name":"Rutas","item":"https:\/\/eraztunberdeurdina.eus\/es\/rutas\/"},{"@type":"ListItem","position":3,"name":"Camino de los humedales"}]},{"@type":"WebSite","@id":"https:\/\/eraztunberdeurdina.eus\/#website","url":"https:\/\/eraztunberdeurdina.eus\/","name":"Zarauzko Eraztun Berde Urdina","description":"Herri-inguruko berdeguneen zaintza","publisher":{"@id":"https:\/\/eraztunberdeurdina.eus\/#organization"},"potentialAction":[{"@type":"SearchAction","target":{"@type":"EntryPoint","urlTemplate":"https:\/\/eraztunberdeurdina.eus\/?s={search_term_string}"},"query-input":{"@type":"PropertyValueSpecification","valueRequired":true,"valueName":"search_term_string"}}],"inLanguage":"es"},{"@type":"Organization","@id":"https:\/\/eraztunberdeurdina.eus\/#organization","name":"Zarauzko Eraztun Berde Urdina","url":"https:\/\/eraztunberdeurdina.eus\/","logo":{"@type":"ImageObject","inLanguage":"es","@id":"https:\/\/eraztunberdeurdina.eus\/#\/schema\/logo\/image\/","url":"https:\/\/eraztunberdeurdina.eus\/wp-content\/uploads\/2018\/07\/EBUkoloretan.jpg","contentUrl":"https:\/\/eraztunberdeurdina.eus\/wp-content\/uploads\/2018\/07\/EBUkoloretan.jpg","width":934,"height":687,"caption":"Zarauzko Eraztun Berde Urdina"},"image":{"@id":"https:\/\/eraztunberdeurdina.eus\/#\/schema\/logo\/image\/"}}]}},"_links":{"self":[{"href":"https:\/\/eraztunberdeurdina.eus\/es\/wp-json\/wp\/v2\/ibilbideak\/5511","targetHints":{"allow":["GET"]}}],"collection":[{"href":"https:\/\/eraztunberdeurdina.eus\/es\/wp-json\/wp\/v2\/ibilbideak"}],"about":[{"href":"https:\/\/eraztunberdeurdina.eus\/es\/wp-json\/wp\/v2\/types\/ibilbideak"}],"wp:featuredmedia":[{"embeddable":true,"href":"https:\/\/eraztunberdeurdina.eus\/es\/wp-json\/wp\/v2\/media\/4343"}],"wp:attachment":[{"href":"https:\/\/eraztunberdeurdina.eus\/es\/wp-json\/wp\/v2\/media?parent=5511"}],"wp:term":[{"taxonomy":"motak","embeddable":true,"href":"https:\/\/eraztunberdeurdina.eus\/es\/wp-json\/wp\/v2\/motak?post=5511"}],"curies":[{"name":"wp","href":"https:\/\/api.w.org\/{rel}","templated":true}]}}

<p>Recorrido de 5 kilómetros que une el <strong>biotopo de Iñurritza</strong> y el <strong>humedal de Irita-Asti</strong>. Sin ningún tipo de dificultad orográfica, comienza y finaliza en la zona deportiva de Asti, donde se puede aparcar el coche y disfrutar de una zona de esparcimiento con parque infantil y zona de picnic con parrillas y mesas de madera.</p>



<p>Los humedales son un gran activo en la lucha contra el cambio climático y son el hábitat de muchas especies en peligro de extinción.</p>



<p></p>

<!-- This site is optimized with the Yoast SEO plugin v27.1.1 - https://yoast.com/product/yoast-seo-wordpress/ -->
<title>Camino de los humedales - Anillo Verde Azul de Zarautz</title>
<meta name="description" content="Recorrido sin ningún tipo de dificultad orográfica de 5 Km que une el biotopo de Iñurritza y el humedal de Irita-Asti." />
<meta name="robots" content="index, follow, max-snippet:-1, max-image-preview:large, max-video-preview:-1" />
<link rel="canonical" href="https://eraztunberdeurdina.eus/es/rutas/camino-de-los-humedales/" />
<meta property="og:locale" content="es_ES" />
<meta property="og:type" content="article" />
<meta property="og:title" content="Camino de los humedales - Anillo Verde Azul de Zarautz" />
<meta property="og:description" content="Recorrido sin ningún tipo de dificultad orográfica de 5 Km que une el biotopo de Iñurritza y el humedal de Irita-Asti." />
<meta property="og:url" content="https://eraztunberdeurdina.eus/es/rutas/camino-de-los-humedales/" />
<meta property="og:site_name" content="Anillo Verde Azul de Zarautz" />
<meta property="article:modified_time" content="2026-04-15T07:13:37+00:00" />
<meta property="og:image" content="https://eraztunberdeurdina.eus/wp-content/uploads/2025/05/Irita-600x600.jpg" />
	<meta property="og:image:width" content="600" />
	<meta property="og:image:height" content="600" />
	<meta property="og:image:type" content="image/jpeg" />
<meta name="twitter:card" content="summary_large_image" />
<meta name="twitter:label1" content="Tiempo de lectura" />
	<meta name="twitter:data1" content="1 minuto" />
<script type="application/ld+json" class="yoast-schema-graph">{"@context":"https://schema.org","@graph":[{"@type":"WebPage","@id":"https://eraztunberdeurdina.eus/es/rutas/camino-de-los-humedales/","url":"https://eraztunberdeurdina.eus/es/rutas/camino-de-los-humedales/","name":"Camino de los humedales - Anillo Verde Azul de Zarautz","isPartOf":{"@id":"https://eraztunberdeurdina.eus/#website"},"primaryImageOfPage":{"@id":"https://eraztunberdeurdina.eus/es/rutas/camino-de-los-humedales/#primaryimage"},"image":{"@id":"https://eraztunberdeurdina.eus/es/rutas/camino-de-los-humedales/#primaryimage"},"thumbnailUrl":"https://eraztunberdeurdina.eus/wp-content/uploads/2025/05/Irita.jpg","datePublished":"2026-04-13T09:55:59+00:00","dateModified":"2026-04-15T07:13:37+00:00","description":"Recorrido sin ningún tipo de dificultad orográfica de 5 Km que une el biotopo de Iñurritza y el humedal de Irita-Asti.","breadcrumb":{"@id":"https://eraztunberdeurdina.eus/es/rutas/camino-de-los-humedales/#breadcrumb"},"inLanguage":"es","potentialAction":[{"@type":"ReadAction","target":["https://eraztunberdeurdina.eus/es/rutas/camino-de-los-humedales/"]}]},{"@type":"ImageObject","inLanguage":"es","@id":"https://eraztunberdeurdina.eus/es/rutas/camino-de-los-humedales/#primaryimage","url":"https://eraztunberdeurdina.eus/wp-content/uploads/2025/05/Irita.jpg","contentUrl":"https://eraztunberdeurdina.eus/wp-content/uploads/2025/05/Irita.jpg","width":4000,"height":1670},{"@type":"BreadcrumbList","@id":"https://eraztunberdeurdina.eus/es/rutas/camino-de-los-humedales/#breadcrumb","itemListElement":[{"@type":"ListItem","position":1,"name":"Home","item":"https://eraztunberdeurdina.eus/es/anillo-verde-azul/"},{"@type":"ListItem","position":2,"name":"Rutas","item":"https://eraztunberdeurdina.eus/es/rutas/"},{"@type":"ListItem","position":3,"name":"Camino de los humedales"}]},{"@type":"WebSite","@id":"https://eraztunberdeurdina.eus/#website","url":"https://eraztunberdeurdina.eus/","name":"Zarauzko Eraztun Berde Urdina","description":"Herri-inguruko berdeguneen zaintza","publisher":{"@id":"https://eraztunberdeurdina.eus/#organization"},"potentialAction":[{"@type":"SearchAction","target":{"@type":"EntryPoint","urlTemplate":"https://eraztunberdeurdina.eus/?s={search_term_string}"},"query-input":{"@type":"PropertyValueSpecification","valueRequired":true,"valueName":"search_term_string"}}],"inLanguage":"es"},{"@type":"Organization","@id":"https://eraztunberdeurdina.eus/#organization","name":"Zarauzko Eraztun Berde Urdina","url":"https://eraztunberdeurdina.eus/","logo":{"@type":"ImageObject","inLanguage":"es","@id":"https://eraztunberdeurdina.eus/#/schema/logo/image/","url":"https://eraztunberdeurdina.eus/wp-content/uploads/2018/07/EBUkoloretan.jpg","contentUrl":"https://eraztunberdeurdina.eus/wp-content/uploads/2018/07/EBUkoloretan.jpg","width":934,"height":687,"caption":"Zarauzko Eraztun Berde Urdina"},"image":{"@id":"https://eraztunberdeurdina.eus/#/schema/logo/image/"}}]}</script>
<!-- / Yoast SEO plugin. -->

Recorrido sin ningún tipo de dificultad orográfica de 5 Km que une el biotopo de Iñurritza y el humedal de Irita-Asti.
