{"id":5515,"date":"2026-04-14T08:27:28","date_gmt":"2026-04-14T06:27:28","guid":{"rendered":"https:\/\/eraztunberdeurdina.eus\/?post_type=ibilbideak&#038;p=5515"},"modified":"2026-04-15T09:17:42","modified_gmt":"2026-04-15T07:17:42","slug":"anillo-verde-azul","status":"publish","type":"ibilbideak","link":"https:\/\/eraztunberdeurdina.eus\/es\/rutas\/anillo-verde-azul\/","title":{"rendered":"Anillo Verde Azul"},"content":{"rendered":"\n<p>Ruta con una distancia de 11,7 kil\u00f3metros que une varios puntos de inter\u00e9s del municipio. Dise\u00f1ado para su recorrido a pie \u2013tambi\u00e9n cuenta con tramos aptos para realizarlos en bicicleta respetando en todo momento a las personas viandantes que tienen preferencia\u2013, no ofrece grandes dificultades aunque cuenta con varios tramos en cuesta. El trayecto nos muestra vistas panor\u00e1micas de gran belleza y <strong>puntos de inter\u00e9s<\/strong> de gran valor natural, cultural e hist\u00f3rico. \u00a0<\/p>\n","protected":false},"featured_media":1081,"template":"","meta":{"_acf_changed":true,"site-sidebar-layout":"default","site-content-layout":"","ast-site-content-layout":"full-width-container","site-content-style":"default","site-sidebar-style":"default","ast-global-header-display":"","ast-banner-title-visibility":"","ast-main-header-display":"","ast-hfb-above-header-display":"","ast-hfb-below-header-display":"","ast-hfb-mobile-header-display":"","site-post-title":"","ast-breadcrumbs-content":"","ast-featured-img":"","footer-sml-layout":"","ast-disable-related-posts":"","theme-transparent-header-meta":"","adv-header-id-meta":"","stick-header-meta":"","header-above-stick-meta":"","header-main-stick-meta":"","header-below-stick-meta":"","astra-migrate-meta-layouts":"default","ast-page-background-enabled":"default","ast-page-background-meta":{"desktop":{"background-color":"var(--ast-global-color-5)","background-image":"","background-repeat":"repeat","background-position":"center center","background-size":"auto","background-attachment":"scroll","background-type":"","background-media":"","overlay-type":"","overlay-color":"","overlay-opacity":"","overlay-gradient":""},"tablet":{"background-color":"","background-image":"","background-repeat":"repeat","background-position":"center center","background-size":"auto","background-attachment":"scroll","background-type":"","background-media":"","overlay-type":"","overlay-color":"","overlay-opacity":"","overlay-gradient":""},"mobile":{"background-color":"","background-image":"","background-repeat":"repeat","background-position":"center center","background-size":"auto","background-attachment":"scroll","background-type":"","background-media":"","overlay-type":"","overlay-color":"","overlay-opacity":"","overlay-gradient":""}},"ast-content-background-meta":{"desktop":{"background-color":"var(--ast-global-color-4)","background-image":"","background-repeat":"repeat","background-position":"center center","background-size":"auto","background-attachment":"scroll","background-type":"","background-media":"","overlay-type":"","overlay-color":"","overlay-opacity":"","overlay-gradient":""},"tablet":{"background-color":"var(--ast-global-color-4)","background-image":"","background-repeat":"repeat","background-position":"center center","background-size":"auto","background-attachment":"scroll","background-type":"","background-media":"","overlay-type":"","overlay-color":"","overlay-opacity":"","overlay-gradient":""},"mobile":{"background-color":"var(--ast-global-color-4)","background-image":"","background-repeat":"repeat","background-position":"center center","background-size":"auto","background-attachment":"scroll","background-type":"","background-media":"","overlay-type":"","overlay-color":"","overlay-opacity":"","overlay-gradient":""}}},"motak":[],"class_list":["post-5515","ibilbideak","type-ibilbideak","status-publish","has-post-thumbnail","hentry"],"acf":[],"yoast_head":"<!-- This site is optimized with the Yoast SEO plugin v27.1.1 - https:\/\/yoast.com\/product\/yoast-seo-wordpress\/ -->\n<title>Anillo Verde Azul - Anillo Verde Azul de Zarautz<\/title>\n<meta name=\"description\" content=\"Ruta de 11,7 kil\u00f3metros que une varios puntos de inter\u00e9s. El trayecto nos muestra vistas panor\u00e1micas de gran belleza y puntos de inter\u00e9s. \u00a0\" \/>\n<meta name=\"robots\" content=\"index, follow, max-snippet:-1, max-image-preview:large, max-video-preview:-1\" \/>\n<link rel=\"canonical\" href=\"https:\/\/eraztunberdeurdina.eus\/es\/rutas\/anillo-verde-azul\/\" \/>\n<meta property=\"og:locale\" content=\"es_ES\" \/>\n<meta property=\"og:type\" content=\"article\" \/>\n<meta property=\"og:title\" content=\"Anillo Verde Azul - Anillo Verde Azul de Zarautz\" \/>\n<meta property=\"og:description\" content=\"Ruta de 11,7 kil\u00f3metros que une varios puntos de inter\u00e9s. El trayecto nos muestra vistas panor\u00e1micas de gran belleza y puntos de inter\u00e9s. \u00a0\" \/>\n<meta property=\"og:url\" content=\"https:\/\/eraztunberdeurdina.eus\/es\/rutas\/anillo-verde-azul\/\" \/>\n<meta property=\"og:site_name\" content=\"Anillo Verde Azul de Zarautz\" \/>\n<meta property=\"article:modified_time\" content=\"2026-04-15T07:17:42+00:00\" \/>\n<meta property=\"og:image\" content=\"https:\/\/eraztunberdeurdina.eus\/wp-content\/uploads\/2018\/08\/ebu_ibilbidea_eraztun_berde_urdina-1.jpg\" \/>\n\t<meta property=\"og:image:width\" content=\"1385\" \/>\n\t<meta property=\"og:image:height\" content=\"562\" \/>\n\t<meta property=\"og:image:type\" content=\"image\/jpeg\" \/>\n<meta name=\"twitter:card\" content=\"summary_large_image\" \/>\n<meta name=\"twitter:label1\" content=\"Tiempo de lectura\" \/>\n\t<meta name=\"twitter:data1\" content=\"1 minuto\" \/>\n<script type=\"application\/ld+json\" class=\"yoast-schema-graph\">{\"@context\":\"https:\/\/schema.org\",\"@graph\":[{\"@type\":\"WebPage\",\"@id\":\"https:\/\/eraztunberdeurdina.eus\/es\/rutas\/anillo-verde-azul\/\",\"url\":\"https:\/\/eraztunberdeurdina.eus\/es\/rutas\/anillo-verde-azul\/\",\"name\":\"Anillo Verde Azul - Anillo Verde Azul de Zarautz\",\"isPartOf\":{\"@id\":\"https:\/\/eraztunberdeurdina.eus\/#website\"},\"primaryImageOfPage\":{\"@id\":\"https:\/\/eraztunberdeurdina.eus\/es\/rutas\/anillo-verde-azul\/#primaryimage\"},\"image\":{\"@id\":\"https:\/\/eraztunberdeurdina.eus\/es\/rutas\/anillo-verde-azul\/#primaryimage\"},\"thumbnailUrl\":\"https:\/\/eraztunberdeurdina.eus\/wp-content\/uploads\/2018\/08\/ebu_ibilbidea_eraztun_berde_urdina-1.jpg\",\"datePublished\":\"2026-04-14T06:27:28+00:00\",\"dateModified\":\"2026-04-15T07:17:42+00:00\",\"description\":\"Ruta de 11,7 kil\u00f3metros que une varios puntos de inter\u00e9s. El trayecto nos muestra vistas panor\u00e1micas de gran belleza y puntos de inter\u00e9s. \u00a0\",\"breadcrumb\":{\"@id\":\"https:\/\/eraztunberdeurdina.eus\/es\/rutas\/anillo-verde-azul\/#breadcrumb\"},\"inLanguage\":\"es\",\"potentialAction\":[{\"@type\":\"ReadAction\",\"target\":[\"https:\/\/eraztunberdeurdina.eus\/es\/rutas\/anillo-verde-azul\/\"]}]},{\"@type\":\"ImageObject\",\"inLanguage\":\"es\",\"@id\":\"https:\/\/eraztunberdeurdina.eus\/es\/rutas\/anillo-verde-azul\/#primaryimage\",\"url\":\"https:\/\/eraztunberdeurdina.eus\/wp-content\/uploads\/2018\/08\/ebu_ibilbidea_eraztun_berde_urdina-1.jpg\",\"contentUrl\":\"https:\/\/eraztunberdeurdina.eus\/wp-content\/uploads\/2018\/08\/ebu_ibilbidea_eraztun_berde_urdina-1.jpg\",\"width\":1385,\"height\":562,\"caption\":\"EBU ibilbidea: eraztun berde urdina\"},{\"@type\":\"BreadcrumbList\",\"@id\":\"https:\/\/eraztunberdeurdina.eus\/es\/rutas\/anillo-verde-azul\/#breadcrumb\",\"itemListElement\":[{\"@type\":\"ListItem\",\"position\":1,\"name\":\"Home\",\"item\":\"https:\/\/eraztunberdeurdina.eus\/es\/anillo-verde-azul\/\"},{\"@type\":\"ListItem\",\"position\":2,\"name\":\"Rutas\",\"item\":\"https:\/\/eraztunberdeurdina.eus\/es\/rutas\/\"},{\"@type\":\"ListItem\",\"position\":3,\"name\":\"Anillo Verde Azul\"}]},{\"@type\":\"WebSite\",\"@id\":\"https:\/\/eraztunberdeurdina.eus\/#website\",\"url\":\"https:\/\/eraztunberdeurdina.eus\/\",\"name\":\"Zarauzko Eraztun Berde Urdina\",\"description\":\"Herri-inguruko berdeguneen zaintza\",\"publisher\":{\"@id\":\"https:\/\/eraztunberdeurdina.eus\/#organization\"},\"potentialAction\":[{\"@type\":\"SearchAction\",\"target\":{\"@type\":\"EntryPoint\",\"urlTemplate\":\"https:\/\/eraztunberdeurdina.eus\/?s={search_term_string}\"},\"query-input\":{\"@type\":\"PropertyValueSpecification\",\"valueRequired\":true,\"valueName\":\"search_term_string\"}}],\"inLanguage\":\"es\"},{\"@type\":\"Organization\",\"@id\":\"https:\/\/eraztunberdeurdina.eus\/#organization\",\"name\":\"Zarauzko Eraztun Berde Urdina\",\"url\":\"https:\/\/eraztunberdeurdina.eus\/\",\"logo\":{\"@type\":\"ImageObject\",\"inLanguage\":\"es\",\"@id\":\"https:\/\/eraztunberdeurdina.eus\/#\/schema\/logo\/image\/\",\"url\":\"https:\/\/eraztunberdeurdina.eus\/wp-content\/uploads\/2018\/07\/EBUkoloretan.jpg\",\"contentUrl\":\"https:\/\/eraztunberdeurdina.eus\/wp-content\/uploads\/2018\/07\/EBUkoloretan.jpg\",\"width\":934,\"height\":687,\"caption\":\"Zarauzko Eraztun Berde Urdina\"},\"image\":{\"@id\":\"https:\/\/eraztunberdeurdina.eus\/#\/schema\/logo\/image\/\"}}]}<\/script>\n<!-- \/ Yoast SEO plugin. -->","yoast_head_json":{"title":"Anillo Verde Azul - Anillo Verde Azul de Zarautz","description":"Ruta de 11,7 kil\u00f3metros que une varios puntos de inter\u00e9s. El trayecto nos muestra vistas panor\u00e1micas de gran belleza y puntos de inter\u00e9s. \u00a0","robots":{"index":"index","follow":"follow","max-snippet":"max-snippet:-1","max-image-preview":"max-image-preview:large","max-video-preview":"max-video-preview:-1"},"canonical":"https:\/\/eraztunberdeurdina.eus\/es\/rutas\/anillo-verde-azul\/","og_locale":"es_ES","og_type":"article","og_title":"Anillo Verde Azul - Anillo Verde Azul de Zarautz","og_description":"Ruta de 11,7 kil\u00f3metros que une varios puntos de inter\u00e9s. El trayecto nos muestra vistas panor\u00e1micas de gran belleza y puntos de inter\u00e9s. \u00a0","og_url":"https:\/\/eraztunberdeurdina.eus\/es\/rutas\/anillo-verde-azul\/","og_site_name":"Anillo Verde Azul de Zarautz","article_modified_time":"2026-04-15T07:17:42+00:00","og_image":[{"width":1385,"height":562,"url":"https:\/\/eraztunberdeurdina.eus\/wp-content\/uploads\/2018\/08\/ebu_ibilbidea_eraztun_berde_urdina-1.jpg","type":"image\/jpeg"}],"twitter_card":"summary_large_image","twitter_misc":{"Tiempo de lectura":"1 minuto"},"schema":{"@context":"https:\/\/schema.org","@graph":[{"@type":"WebPage","@id":"https:\/\/eraztunberdeurdina.eus\/es\/rutas\/anillo-verde-azul\/","url":"https:\/\/eraztunberdeurdina.eus\/es\/rutas\/anillo-verde-azul\/","name":"Anillo Verde Azul - Anillo Verde Azul de Zarautz","isPartOf":{"@id":"https:\/\/eraztunberdeurdina.eus\/#website"},"primaryImageOfPage":{"@id":"https:\/\/eraztunberdeurdina.eus\/es\/rutas\/anillo-verde-azul\/#primaryimage"},"image":{"@id":"https:\/\/eraztunberdeurdina.eus\/es\/rutas\/anillo-verde-azul\/#primaryimage"},"thumbnailUrl":"https:\/\/eraztunberdeurdina.eus\/wp-content\/uploads\/2018\/08\/ebu_ibilbidea_eraztun_berde_urdina-1.jpg","datePublished":"2026-04-14T06:27:28+00:00","dateModified":"2026-04-15T07:17:42+00:00","description":"Ruta de 11,7 kil\u00f3metros que une varios puntos de inter\u00e9s. El trayecto nos muestra vistas panor\u00e1micas de gran belleza y puntos de inter\u00e9s. \u00a0","breadcrumb":{"@id":"https:\/\/eraztunberdeurdina.eus\/es\/rutas\/anillo-verde-azul\/#breadcrumb"},"inLanguage":"es","potentialAction":[{"@type":"ReadAction","target":["https:\/\/eraztunberdeurdina.eus\/es\/rutas\/anillo-verde-azul\/"]}]},{"@type":"ImageObject","inLanguage":"es","@id":"https:\/\/eraztunberdeurdina.eus\/es\/rutas\/anillo-verde-azul\/#primaryimage","url":"https:\/\/eraztunberdeurdina.eus\/wp-content\/uploads\/2018\/08\/ebu_ibilbidea_eraztun_berde_urdina-1.jpg","contentUrl":"https:\/\/eraztunberdeurdina.eus\/wp-content\/uploads\/2018\/08\/ebu_ibilbidea_eraztun_berde_urdina-1.jpg","width":1385,"height":562,"caption":"EBU ibilbidea: eraztun berde urdina"},{"@type":"BreadcrumbList","@id":"https:\/\/eraztunberdeurdina.eus\/es\/rutas\/anillo-verde-azul\/#breadcrumb","itemListElement":[{"@type":"ListItem","position":1,"name":"Home","item":"https:\/\/eraztunberdeurdina.eus\/es\/anillo-verde-azul\/"},{"@type":"ListItem","position":2,"name":"Rutas","item":"https:\/\/eraztunberdeurdina.eus\/es\/rutas\/"},{"@type":"ListItem","position":3,"name":"Anillo Verde Azul"}]},{"@type":"WebSite","@id":"https:\/\/eraztunberdeurdina.eus\/#website","url":"https:\/\/eraztunberdeurdina.eus\/","name":"Zarauzko Eraztun Berde Urdina","description":"Herri-inguruko berdeguneen zaintza","publisher":{"@id":"https:\/\/eraztunberdeurdina.eus\/#organization"},"potentialAction":[{"@type":"SearchAction","target":{"@type":"EntryPoint","urlTemplate":"https:\/\/eraztunberdeurdina.eus\/?s={search_term_string}"},"query-input":{"@type":"PropertyValueSpecification","valueRequired":true,"valueName":"search_term_string"}}],"inLanguage":"es"},{"@type":"Organization","@id":"https:\/\/eraztunberdeurdina.eus\/#organization","name":"Zarauzko Eraztun Berde Urdina","url":"https:\/\/eraztunberdeurdina.eus\/","logo":{"@type":"ImageObject","inLanguage":"es","@id":"https:\/\/eraztunberdeurdina.eus\/#\/schema\/logo\/image\/","url":"https:\/\/eraztunberdeurdina.eus\/wp-content\/uploads\/2018\/07\/EBUkoloretan.jpg","contentUrl":"https:\/\/eraztunberdeurdina.eus\/wp-content\/uploads\/2018\/07\/EBUkoloretan.jpg","width":934,"height":687,"caption":"Zarauzko Eraztun Berde Urdina"},"image":{"@id":"https:\/\/eraztunberdeurdina.eus\/#\/schema\/logo\/image\/"}}]}},"_links":{"self":[{"href":"https:\/\/eraztunberdeurdina.eus\/es\/wp-json\/wp\/v2\/ibilbideak\/5515","targetHints":{"allow":["GET"]}}],"collection":[{"href":"https:\/\/eraztunberdeurdina.eus\/es\/wp-json\/wp\/v2\/ibilbideak"}],"about":[{"href":"https:\/\/eraztunberdeurdina.eus\/es\/wp-json\/wp\/v2\/types\/ibilbideak"}],"wp:featuredmedia":[{"embeddable":true,"href":"https:\/\/eraztunberdeurdina.eus\/es\/wp-json\/wp\/v2\/media\/1081"}],"wp:attachment":[{"href":"https:\/\/eraztunberdeurdina.eus\/es\/wp-json\/wp\/v2\/media?parent=5515"}],"wp:term":[{"taxonomy":"motak","embeddable":true,"href":"https:\/\/eraztunberdeurdina.eus\/es\/wp-json\/wp\/v2\/motak?post=5515"}],"curies":[{"name":"wp","href":"https:\/\/api.w.org\/{rel}","templated":true}]}}

<p>Ruta con una distancia de 11,7 kilómetros que une varios puntos de interés del municipio. Diseñado para su recorrido a pie –también cuenta con tramos aptos para realizarlos en bicicleta respetando en todo momento a las personas viandantes que tienen preferencia–, no ofrece grandes dificultades aunque cuenta con varios tramos en cuesta. El trayecto nos muestra vistas panorámicas de gran belleza y <strong>puntos de interés</strong> de gran valor natural, cultural e histórico.  </p>

<!-- This site is optimized with the Yoast SEO plugin v27.1.1 - https://yoast.com/product/yoast-seo-wordpress/ -->
<title>Anillo Verde Azul - Anillo Verde Azul de Zarautz</title>
<meta name="description" content="Ruta de 11,7 kilómetros que une varios puntos de interés. El trayecto nos muestra vistas panorámicas de gran belleza y puntos de interés.  " />
<meta name="robots" content="index, follow, max-snippet:-1, max-image-preview:large, max-video-preview:-1" />
<link rel="canonical" href="https://eraztunberdeurdina.eus/es/rutas/anillo-verde-azul/" />
<meta property="og:locale" content="es_ES" />
<meta property="og:type" content="article" />
<meta property="og:title" content="Anillo Verde Azul - Anillo Verde Azul de Zarautz" />
<meta property="og:description" content="Ruta de 11,7 kilómetros que une varios puntos de interés. El trayecto nos muestra vistas panorámicas de gran belleza y puntos de interés.  " />
<meta property="og:url" content="https://eraztunberdeurdina.eus/es/rutas/anillo-verde-azul/" />
<meta property="og:site_name" content="Anillo Verde Azul de Zarautz" />
<meta property="article:modified_time" content="2026-04-15T07:17:42+00:00" />
<meta property="og:image" content="https://eraztunberdeurdina.eus/wp-content/uploads/2018/08/ebu_ibilbidea_eraztun_berde_urdina-1.jpg" />
	<meta property="og:image:width" content="1385" />
	<meta property="og:image:height" content="562" />
	<meta property="og:image:type" content="image/jpeg" />
<meta name="twitter:card" content="summary_large_image" />
<meta name="twitter:label1" content="Tiempo de lectura" />
	<meta name="twitter:data1" content="1 minuto" />
<script type="application/ld+json" class="yoast-schema-graph">{"@context":"https://schema.org","@graph":[{"@type":"WebPage","@id":"https://eraztunberdeurdina.eus/es/rutas/anillo-verde-azul/","url":"https://eraztunberdeurdina.eus/es/rutas/anillo-verde-azul/","name":"Anillo Verde Azul - Anillo Verde Azul de Zarautz","isPartOf":{"@id":"https://eraztunberdeurdina.eus/#website"},"primaryImageOfPage":{"@id":"https://eraztunberdeurdina.eus/es/rutas/anillo-verde-azul/#primaryimage"},"image":{"@id":"https://eraztunberdeurdina.eus/es/rutas/anillo-verde-azul/#primaryimage"},"thumbnailUrl":"https://eraztunberdeurdina.eus/wp-content/uploads/2018/08/ebu_ibilbidea_eraztun_berde_urdina-1.jpg","datePublished":"2026-04-14T06:27:28+00:00","dateModified":"2026-04-15T07:17:42+00:00","description":"Ruta de 11,7 kilómetros que une varios puntos de interés. El trayecto nos muestra vistas panorámicas de gran belleza y puntos de interés.  ","breadcrumb":{"@id":"https://eraztunberdeurdina.eus/es/rutas/anillo-verde-azul/#breadcrumb"},"inLanguage":"es","potentialAction":[{"@type":"ReadAction","target":["https://eraztunberdeurdina.eus/es/rutas/anillo-verde-azul/"]}]},{"@type":"ImageObject","inLanguage":"es","@id":"https://eraztunberdeurdina.eus/es/rutas/anillo-verde-azul/#primaryimage","url":"https://eraztunberdeurdina.eus/wp-content/uploads/2018/08/ebu_ibilbidea_eraztun_berde_urdina-1.jpg","contentUrl":"https://eraztunberdeurdina.eus/wp-content/uploads/2018/08/ebu_ibilbidea_eraztun_berde_urdina-1.jpg","width":1385,"height":562,"caption":"EBU ibilbidea: eraztun berde urdina"},{"@type":"BreadcrumbList","@id":"https://eraztunberdeurdina.eus/es/rutas/anillo-verde-azul/#breadcrumb","itemListElement":[{"@type":"ListItem","position":1,"name":"Home","item":"https://eraztunberdeurdina.eus/es/anillo-verde-azul/"},{"@type":"ListItem","position":2,"name":"Rutas","item":"https://eraztunberdeurdina.eus/es/rutas/"},{"@type":"ListItem","position":3,"name":"Anillo Verde Azul"}]},{"@type":"WebSite","@id":"https://eraztunberdeurdina.eus/#website","url":"https://eraztunberdeurdina.eus/","name":"Zarauzko Eraztun Berde Urdina","description":"Herri-inguruko berdeguneen zaintza","publisher":{"@id":"https://eraztunberdeurdina.eus/#organization"},"potentialAction":[{"@type":"SearchAction","target":{"@type":"EntryPoint","urlTemplate":"https://eraztunberdeurdina.eus/?s={search_term_string}"},"query-input":{"@type":"PropertyValueSpecification","valueRequired":true,"valueName":"search_term_string"}}],"inLanguage":"es"},{"@type":"Organization","@id":"https://eraztunberdeurdina.eus/#organization","name":"Zarauzko Eraztun Berde Urdina","url":"https://eraztunberdeurdina.eus/","logo":{"@type":"ImageObject","inLanguage":"es","@id":"https://eraztunberdeurdina.eus/#/schema/logo/image/","url":"https://eraztunberdeurdina.eus/wp-content/uploads/2018/07/EBUkoloretan.jpg","contentUrl":"https://eraztunberdeurdina.eus/wp-content/uploads/2018/07/EBUkoloretan.jpg","width":934,"height":687,"caption":"Zarauzko Eraztun Berde Urdina"},"image":{"@id":"https://eraztunberdeurdina.eus/#/schema/logo/image/"}}]}</script>
<!-- / Yoast SEO plugin. -->

Ruta de 11,7 kilómetros que une varios puntos de interés. El trayecto nos muestra vistas panorámicas de gran belleza y puntos de interés.
