{"id":5517,"date":"2026-04-14T09:08:34","date_gmt":"2026-04-14T07:08:34","guid":{"rendered":"https:\/\/eraztunberdeurdina.eus\/?post_type=interes-guneak&#038;p=5517"},"modified":"2026-04-15T09:38:23","modified_gmt":"2026-04-15T07:38:23","slug":"mutxio","status":"publish","type":"interes-guneak","link":"https:\/\/eraztunberdeurdina.eus\/es\/puntos-de-interes\/mutxio\/","title":{"rendered":"Mutxio"},"content":{"rendered":"\n<p>Este parque de 14.402 metros cuadrados est\u00e1 situado en la colina de Santa B\u00e1rbara, con vistas al muelle de Zarautz. Forma parte de la red Garate-Santa B\u00e1rbara Red Natura 2000.<br><br>Destaca por sus vistas del pueblo, la playa y las monta\u00f1as del este. En ella se pueden encontrar numerosas especies de \u00e1rboles y arbustos, entre los que se encuentran las alcornoques, laureles, abedules y brezos. Algunos de estos \u00e1rboles son tremendamente altos y muy antiguos.<br>Al oeste, las vistas sobre los acantilados del Paseo Mar\u00edtimo que une Zarautz con Getaria son singulares por la perspectiva y altura del lugar. Cuenta con un balc\u00f3n que da al mar con unas vistas maravillosas, con zona de descanso con mesas.<\/p>\n\n\n\n<p><\/p>\n","protected":false},"featured_media":4335,"template":"","meta":{"_acf_changed":true,"site-sidebar-layout":"default","site-content-layout":"","ast-site-content-layout":"full-width-container","site-content-style":"default","site-sidebar-style":"default","ast-global-header-display":"","ast-banner-title-visibility":"","ast-main-header-display":"","ast-hfb-above-header-display":"","ast-hfb-below-header-display":"","ast-hfb-mobile-header-display":"","site-post-title":"","ast-breadcrumbs-content":"","ast-featured-img":"","footer-sml-layout":"","ast-disable-related-posts":"","theme-transparent-header-meta":"","adv-header-id-meta":"","stick-header-meta":"","header-above-stick-meta":"","header-main-stick-meta":"","header-below-stick-meta":"","astra-migrate-meta-layouts":"default","ast-page-background-enabled":"default","ast-page-background-meta":{"desktop":{"background-color":"var(--ast-global-color-5)","background-image":"","background-repeat":"repeat","background-position":"center center","background-size":"auto","background-attachment":"scroll","background-type":"","background-media":"","overlay-type":"","overlay-color":"","overlay-opacity":"","overlay-gradient":""},"tablet":{"background-color":"","background-image":"","background-repeat":"repeat","background-position":"center center","background-size":"auto","background-attachment":"scroll","background-type":"","background-media":"","overlay-type":"","overlay-color":"","overlay-opacity":"","overlay-gradient":""},"mobile":{"background-color":"","background-image":"","background-repeat":"repeat","background-position":"center center","background-size":"auto","background-attachment":"scroll","background-type":"","background-media":"","overlay-type":"","overlay-color":"","overlay-opacity":"","overlay-gradient":""}},"ast-content-background-meta":{"desktop":{"background-color":"var(--ast-global-color-4)","background-image":"","background-repeat":"repeat","background-position":"center center","background-size":"auto","background-attachment":"scroll","background-type":"","background-media":"","overlay-type":"","overlay-color":"","overlay-opacity":"","overlay-gradient":""},"tablet":{"background-color":"var(--ast-global-color-4)","background-image":"","background-repeat":"repeat","background-position":"center center","background-size":"auto","background-attachment":"scroll","background-type":"","background-media":"","overlay-type":"","overlay-color":"","overlay-opacity":"","overlay-gradient":""},"mobile":{"background-color":"var(--ast-global-color-4)","background-image":"","background-repeat":"repeat","background-position":"center center","background-size":"auto","background-attachment":"scroll","background-type":"","background-media":"","overlay-type":"","overlay-color":"","overlay-opacity":"","overlay-gradient":""}}},"class_list":["post-5517","interes-guneak","type-interes-guneak","status-publish","has-post-thumbnail","hentry"],"acf":[],"yoast_head":"<!-- This site is optimized with the Yoast SEO plugin v27.1.1 - https:\/\/yoast.com\/product\/yoast-seo-wordpress\/ -->\n<title>Mutxio - Anillo Verde Azul de Zarautz<\/title>\n<meta name=\"description\" content=\"Este parque de 14.402 m\u00b2 est\u00e1 situado en la colina de Santa B\u00e1rbara. Destaca por sus vistas del pueblo, la playa y las monta\u00f1as del este.\" \/>\n<meta name=\"robots\" content=\"index, follow, max-snippet:-1, max-image-preview:large, max-video-preview:-1\" \/>\n<link rel=\"canonical\" href=\"https:\/\/eraztunberdeurdina.eus\/es\/puntos-de-interes\/mutxio\/\" \/>\n<meta property=\"og:locale\" content=\"es_ES\" \/>\n<meta property=\"og:type\" content=\"article\" \/>\n<meta property=\"og:title\" content=\"Mutxio - Anillo Verde Azul de Zarautz\" \/>\n<meta property=\"og:description\" content=\"Este parque de 14.402 m\u00b2 est\u00e1 situado en la colina de Santa B\u00e1rbara. Destaca por sus vistas del pueblo, la playa y las monta\u00f1as del este.\" \/>\n<meta property=\"og:url\" content=\"https:\/\/eraztunberdeurdina.eus\/es\/puntos-de-interes\/mutxio\/\" \/>\n<meta property=\"og:site_name\" content=\"Anillo Verde Azul de Zarautz\" \/>\n<meta property=\"article:modified_time\" content=\"2026-04-15T07:38:23+00:00\" \/>\n<meta property=\"og:image\" content=\"https:\/\/eraztunberdeurdina.eus\/wp-content\/uploads\/2025\/05\/Vista-Alegre-irteera-600x600.jpg\" \/>\n\t<meta property=\"og:image:width\" content=\"600\" \/>\n\t<meta property=\"og:image:height\" content=\"600\" \/>\n\t<meta property=\"og:image:type\" content=\"image\/jpeg\" \/>\n<meta name=\"twitter:card\" content=\"summary_large_image\" \/>\n<meta name=\"twitter:label1\" content=\"Tiempo de lectura\" \/>\n\t<meta name=\"twitter:data1\" content=\"1 minuto\" \/>\n<script type=\"application\/ld+json\" class=\"yoast-schema-graph\">{\"@context\":\"https:\/\/schema.org\",\"@graph\":[{\"@type\":\"WebPage\",\"@id\":\"https:\/\/eraztunberdeurdina.eus\/es\/puntos-de-interes\/mutxio\/\",\"url\":\"https:\/\/eraztunberdeurdina.eus\/es\/puntos-de-interes\/mutxio\/\",\"name\":\"Mutxio - Anillo Verde Azul de Zarautz\",\"isPartOf\":{\"@id\":\"https:\/\/eraztunberdeurdina.eus\/#website\"},\"primaryImageOfPage\":{\"@id\":\"https:\/\/eraztunberdeurdina.eus\/es\/puntos-de-interes\/mutxio\/#primaryimage\"},\"image\":{\"@id\":\"https:\/\/eraztunberdeurdina.eus\/es\/puntos-de-interes\/mutxio\/#primaryimage\"},\"thumbnailUrl\":\"https:\/\/eraztunberdeurdina.eus\/wp-content\/uploads\/2025\/05\/Vista-Alegre-irteera.jpg\",\"datePublished\":\"2026-04-14T07:08:34+00:00\",\"dateModified\":\"2026-04-15T07:38:23+00:00\",\"description\":\"Este parque de 14.402 m\u00b2 est\u00e1 situado en la colina de Santa B\u00e1rbara. Destaca por sus vistas del pueblo, la playa y las monta\u00f1as del este.\",\"breadcrumb\":{\"@id\":\"https:\/\/eraztunberdeurdina.eus\/es\/puntos-de-interes\/mutxio\/#breadcrumb\"},\"inLanguage\":\"es\",\"potentialAction\":[{\"@type\":\"ReadAction\",\"target\":[\"https:\/\/eraztunberdeurdina.eus\/es\/puntos-de-interes\/mutxio\/\"]}]},{\"@type\":\"ImageObject\",\"inLanguage\":\"es\",\"@id\":\"https:\/\/eraztunberdeurdina.eus\/es\/puntos-de-interes\/mutxio\/#primaryimage\",\"url\":\"https:\/\/eraztunberdeurdina.eus\/wp-content\/uploads\/2025\/05\/Vista-Alegre-irteera.jpg\",\"contentUrl\":\"https:\/\/eraztunberdeurdina.eus\/wp-content\/uploads\/2025\/05\/Vista-Alegre-irteera.jpg\",\"width\":6240,\"height\":3143},{\"@type\":\"BreadcrumbList\",\"@id\":\"https:\/\/eraztunberdeurdina.eus\/es\/puntos-de-interes\/mutxio\/#breadcrumb\",\"itemListElement\":[{\"@type\":\"ListItem\",\"position\":1,\"name\":\"Home\",\"item\":\"https:\/\/eraztunberdeurdina.eus\/es\/anillo-verde-azul\/\"},{\"@type\":\"ListItem\",\"position\":2,\"name\":\"Puntos de inter\u00e9s\",\"item\":\"https:\/\/eraztunberdeurdina.eus\/es\/puntos-de-interes\/\"},{\"@type\":\"ListItem\",\"position\":3,\"name\":\"Mutxio\"}]},{\"@type\":\"WebSite\",\"@id\":\"https:\/\/eraztunberdeurdina.eus\/#website\",\"url\":\"https:\/\/eraztunberdeurdina.eus\/\",\"name\":\"Zarauzko Eraztun Berde Urdina\",\"description\":\"Herri-inguruko berdeguneen zaintza\",\"publisher\":{\"@id\":\"https:\/\/eraztunberdeurdina.eus\/#organization\"},\"potentialAction\":[{\"@type\":\"SearchAction\",\"target\":{\"@type\":\"EntryPoint\",\"urlTemplate\":\"https:\/\/eraztunberdeurdina.eus\/?s={search_term_string}\"},\"query-input\":{\"@type\":\"PropertyValueSpecification\",\"valueRequired\":true,\"valueName\":\"search_term_string\"}}],\"inLanguage\":\"es\"},{\"@type\":\"Organization\",\"@id\":\"https:\/\/eraztunberdeurdina.eus\/#organization\",\"name\":\"Zarauzko Eraztun Berde Urdina\",\"url\":\"https:\/\/eraztunberdeurdina.eus\/\",\"logo\":{\"@type\":\"ImageObject\",\"inLanguage\":\"es\",\"@id\":\"https:\/\/eraztunberdeurdina.eus\/#\/schema\/logo\/image\/\",\"url\":\"https:\/\/eraztunberdeurdina.eus\/wp-content\/uploads\/2018\/07\/EBUkoloretan.jpg\",\"contentUrl\":\"https:\/\/eraztunberdeurdina.eus\/wp-content\/uploads\/2018\/07\/EBUkoloretan.jpg\",\"width\":934,\"height\":687,\"caption\":\"Zarauzko Eraztun Berde Urdina\"},\"image\":{\"@id\":\"https:\/\/eraztunberdeurdina.eus\/#\/schema\/logo\/image\/\"}}]}<\/script>\n<!-- \/ Yoast SEO plugin. -->","yoast_head_json":{"title":"Mutxio - Anillo Verde Azul de Zarautz","description":"Este parque de 14.402 m\u00b2 est\u00e1 situado en la colina de Santa B\u00e1rbara. Destaca por sus vistas del pueblo, la playa y las monta\u00f1as del este.","robots":{"index":"index","follow":"follow","max-snippet":"max-snippet:-1","max-image-preview":"max-image-preview:large","max-video-preview":"max-video-preview:-1"},"canonical":"https:\/\/eraztunberdeurdina.eus\/es\/puntos-de-interes\/mutxio\/","og_locale":"es_ES","og_type":"article","og_title":"Mutxio - Anillo Verde Azul de Zarautz","og_description":"Este parque de 14.402 m\u00b2 est\u00e1 situado en la colina de Santa B\u00e1rbara. Destaca por sus vistas del pueblo, la playa y las monta\u00f1as del este.","og_url":"https:\/\/eraztunberdeurdina.eus\/es\/puntos-de-interes\/mutxio\/","og_site_name":"Anillo Verde Azul de Zarautz","article_modified_time":"2026-04-15T07:38:23+00:00","og_image":[{"width":600,"height":600,"url":"https:\/\/eraztunberdeurdina.eus\/wp-content\/uploads\/2025\/05\/Vista-Alegre-irteera-600x600.jpg","type":"image\/jpeg"}],"twitter_card":"summary_large_image","twitter_misc":{"Tiempo de lectura":"1 minuto"},"schema":{"@context":"https:\/\/schema.org","@graph":[{"@type":"WebPage","@id":"https:\/\/eraztunberdeurdina.eus\/es\/puntos-de-interes\/mutxio\/","url":"https:\/\/eraztunberdeurdina.eus\/es\/puntos-de-interes\/mutxio\/","name":"Mutxio - Anillo Verde Azul de Zarautz","isPartOf":{"@id":"https:\/\/eraztunberdeurdina.eus\/#website"},"primaryImageOfPage":{"@id":"https:\/\/eraztunberdeurdina.eus\/es\/puntos-de-interes\/mutxio\/#primaryimage"},"image":{"@id":"https:\/\/eraztunberdeurdina.eus\/es\/puntos-de-interes\/mutxio\/#primaryimage"},"thumbnailUrl":"https:\/\/eraztunberdeurdina.eus\/wp-content\/uploads\/2025\/05\/Vista-Alegre-irteera.jpg","datePublished":"2026-04-14T07:08:34+00:00","dateModified":"2026-04-15T07:38:23+00:00","description":"Este parque de 14.402 m\u00b2 est\u00e1 situado en la colina de Santa B\u00e1rbara. Destaca por sus vistas del pueblo, la playa y las monta\u00f1as del este.","breadcrumb":{"@id":"https:\/\/eraztunberdeurdina.eus\/es\/puntos-de-interes\/mutxio\/#breadcrumb"},"inLanguage":"es","potentialAction":[{"@type":"ReadAction","target":["https:\/\/eraztunberdeurdina.eus\/es\/puntos-de-interes\/mutxio\/"]}]},{"@type":"ImageObject","inLanguage":"es","@id":"https:\/\/eraztunberdeurdina.eus\/es\/puntos-de-interes\/mutxio\/#primaryimage","url":"https:\/\/eraztunberdeurdina.eus\/wp-content\/uploads\/2025\/05\/Vista-Alegre-irteera.jpg","contentUrl":"https:\/\/eraztunberdeurdina.eus\/wp-content\/uploads\/2025\/05\/Vista-Alegre-irteera.jpg","width":6240,"height":3143},{"@type":"BreadcrumbList","@id":"https:\/\/eraztunberdeurdina.eus\/es\/puntos-de-interes\/mutxio\/#breadcrumb","itemListElement":[{"@type":"ListItem","position":1,"name":"Home","item":"https:\/\/eraztunberdeurdina.eus\/es\/anillo-verde-azul\/"},{"@type":"ListItem","position":2,"name":"Puntos de inter\u00e9s","item":"https:\/\/eraztunberdeurdina.eus\/es\/puntos-de-interes\/"},{"@type":"ListItem","position":3,"name":"Mutxio"}]},{"@type":"WebSite","@id":"https:\/\/eraztunberdeurdina.eus\/#website","url":"https:\/\/eraztunberdeurdina.eus\/","name":"Zarauzko Eraztun Berde Urdina","description":"Herri-inguruko berdeguneen zaintza","publisher":{"@id":"https:\/\/eraztunberdeurdina.eus\/#organization"},"potentialAction":[{"@type":"SearchAction","target":{"@type":"EntryPoint","urlTemplate":"https:\/\/eraztunberdeurdina.eus\/?s={search_term_string}"},"query-input":{"@type":"PropertyValueSpecification","valueRequired":true,"valueName":"search_term_string"}}],"inLanguage":"es"},{"@type":"Organization","@id":"https:\/\/eraztunberdeurdina.eus\/#organization","name":"Zarauzko Eraztun Berde Urdina","url":"https:\/\/eraztunberdeurdina.eus\/","logo":{"@type":"ImageObject","inLanguage":"es","@id":"https:\/\/eraztunberdeurdina.eus\/#\/schema\/logo\/image\/","url":"https:\/\/eraztunberdeurdina.eus\/wp-content\/uploads\/2018\/07\/EBUkoloretan.jpg","contentUrl":"https:\/\/eraztunberdeurdina.eus\/wp-content\/uploads\/2018\/07\/EBUkoloretan.jpg","width":934,"height":687,"caption":"Zarauzko Eraztun Berde Urdina"},"image":{"@id":"https:\/\/eraztunberdeurdina.eus\/#\/schema\/logo\/image\/"}}]}},"_links":{"self":[{"href":"https:\/\/eraztunberdeurdina.eus\/es\/wp-json\/wp\/v2\/interes-guneak\/5517","targetHints":{"allow":["GET"]}}],"collection":[{"href":"https:\/\/eraztunberdeurdina.eus\/es\/wp-json\/wp\/v2\/interes-guneak"}],"about":[{"href":"https:\/\/eraztunberdeurdina.eus\/es\/wp-json\/wp\/v2\/types\/interes-guneak"}],"wp:featuredmedia":[{"embeddable":true,"href":"https:\/\/eraztunberdeurdina.eus\/es\/wp-json\/wp\/v2\/media\/4335"}],"wp:attachment":[{"href":"https:\/\/eraztunberdeurdina.eus\/es\/wp-json\/wp\/v2\/media?parent=5517"}],"curies":[{"name":"wp","href":"https:\/\/api.w.org\/{rel}","templated":true}]}}

<p>Este parque de 14.402 metros cuadrados está situado en la colina de Santa Bárbara, con vistas al muelle de Zarautz. Forma parte de la red Garate-Santa Bárbara Red Natura 2000.<br><br>Destaca por sus vistas del pueblo, la playa y las montañas del este. En ella se pueden encontrar numerosas especies de árboles y arbustos, entre los que se encuentran las alcornoques, laureles, abedules y brezos. Algunos de estos árboles son tremendamente altos y muy antiguos.<br>Al oeste, las vistas sobre los acantilados del Paseo Marítimo que une Zarautz con Getaria son singulares por la perspectiva y altura del lugar. Cuenta con un balcón que da al mar con unas vistas maravillosas, con zona de descanso con mesas.</p>



<p></p>

<!-- This site is optimized with the Yoast SEO plugin v27.1.1 - https://yoast.com/product/yoast-seo-wordpress/ -->
<title>Mutxio - Anillo Verde Azul de Zarautz</title>
<meta name="description" content="Este parque de 14.402 m² está situado en la colina de Santa Bárbara. Destaca por sus vistas del pueblo, la playa y las montañas del este." />
<meta name="robots" content="index, follow, max-snippet:-1, max-image-preview:large, max-video-preview:-1" />
<link rel="canonical" href="https://eraztunberdeurdina.eus/es/puntos-de-interes/mutxio/" />
<meta property="og:locale" content="es_ES" />
<meta property="og:type" content="article" />
<meta property="og:title" content="Mutxio - Anillo Verde Azul de Zarautz" />
<meta property="og:description" content="Este parque de 14.402 m² está situado en la colina de Santa Bárbara. Destaca por sus vistas del pueblo, la playa y las montañas del este." />
<meta property="og:url" content="https://eraztunberdeurdina.eus/es/puntos-de-interes/mutxio/" />
<meta property="og:site_name" content="Anillo Verde Azul de Zarautz" />
<meta property="article:modified_time" content="2026-04-15T07:38:23+00:00" />
<meta property="og:image" content="https://eraztunberdeurdina.eus/wp-content/uploads/2025/05/Vista-Alegre-irteera-600x600.jpg" />
	<meta property="og:image:width" content="600" />
	<meta property="og:image:height" content="600" />
	<meta property="og:image:type" content="image/jpeg" />
<meta name="twitter:card" content="summary_large_image" />
<meta name="twitter:label1" content="Tiempo de lectura" />
	<meta name="twitter:data1" content="1 minuto" />
<script type="application/ld+json" class="yoast-schema-graph">{"@context":"https://schema.org","@graph":[{"@type":"WebPage","@id":"https://eraztunberdeurdina.eus/es/puntos-de-interes/mutxio/","url":"https://eraztunberdeurdina.eus/es/puntos-de-interes/mutxio/","name":"Mutxio - Anillo Verde Azul de Zarautz","isPartOf":{"@id":"https://eraztunberdeurdina.eus/#website"},"primaryImageOfPage":{"@id":"https://eraztunberdeurdina.eus/es/puntos-de-interes/mutxio/#primaryimage"},"image":{"@id":"https://eraztunberdeurdina.eus/es/puntos-de-interes/mutxio/#primaryimage"},"thumbnailUrl":"https://eraztunberdeurdina.eus/wp-content/uploads/2025/05/Vista-Alegre-irteera.jpg","datePublished":"2026-04-14T07:08:34+00:00","dateModified":"2026-04-15T07:38:23+00:00","description":"Este parque de 14.402 m² está situado en la colina de Santa Bárbara. Destaca por sus vistas del pueblo, la playa y las montañas del este.","breadcrumb":{"@id":"https://eraztunberdeurdina.eus/es/puntos-de-interes/mutxio/#breadcrumb"},"inLanguage":"es","potentialAction":[{"@type":"ReadAction","target":["https://eraztunberdeurdina.eus/es/puntos-de-interes/mutxio/"]}]},{"@type":"ImageObject","inLanguage":"es","@id":"https://eraztunberdeurdina.eus/es/puntos-de-interes/mutxio/#primaryimage","url":"https://eraztunberdeurdina.eus/wp-content/uploads/2025/05/Vista-Alegre-irteera.jpg","contentUrl":"https://eraztunberdeurdina.eus/wp-content/uploads/2025/05/Vista-Alegre-irteera.jpg","width":6240,"height":3143},{"@type":"BreadcrumbList","@id":"https://eraztunberdeurdina.eus/es/puntos-de-interes/mutxio/#breadcrumb","itemListElement":[{"@type":"ListItem","position":1,"name":"Home","item":"https://eraztunberdeurdina.eus/es/anillo-verde-azul/"},{"@type":"ListItem","position":2,"name":"Puntos de interés","item":"https://eraztunberdeurdina.eus/es/puntos-de-interes/"},{"@type":"ListItem","position":3,"name":"Mutxio"}]},{"@type":"WebSite","@id":"https://eraztunberdeurdina.eus/#website","url":"https://eraztunberdeurdina.eus/","name":"Zarauzko Eraztun Berde Urdina","description":"Herri-inguruko berdeguneen zaintza","publisher":{"@id":"https://eraztunberdeurdina.eus/#organization"},"potentialAction":[{"@type":"SearchAction","target":{"@type":"EntryPoint","urlTemplate":"https://eraztunberdeurdina.eus/?s={search_term_string}"},"query-input":{"@type":"PropertyValueSpecification","valueRequired":true,"valueName":"search_term_string"}}],"inLanguage":"es"},{"@type":"Organization","@id":"https://eraztunberdeurdina.eus/#organization","name":"Zarauzko Eraztun Berde Urdina","url":"https://eraztunberdeurdina.eus/","logo":{"@type":"ImageObject","inLanguage":"es","@id":"https://eraztunberdeurdina.eus/#/schema/logo/image/","url":"https://eraztunberdeurdina.eus/wp-content/uploads/2018/07/EBUkoloretan.jpg","contentUrl":"https://eraztunberdeurdina.eus/wp-content/uploads/2018/07/EBUkoloretan.jpg","width":934,"height":687,"caption":"Zarauzko Eraztun Berde Urdina"},"image":{"@id":"https://eraztunberdeurdina.eus/#/schema/logo/image/"}}]}</script>
<!-- / Yoast SEO plugin. -->

Este parque de 14.402 m² está situado en la colina de Santa Bárbara. Destaca por sus vistas del pueblo, la playa y las montañas del este.

Puntos de interés
