{"id":5527,"date":"2026-04-14T09:59:24","date_gmt":"2026-04-14T07:59:24","guid":{"rendered":"https:\/\/eraztunberdeurdina.eus\/?post_type=interes-guneak&#038;p=5527"},"modified":"2026-04-15T09:44:44","modified_gmt":"2026-04-15T07:44:44","slug":"alisedo-de-tejeria","status":"publish","type":"interes-guneak","link":"https:\/\/eraztunberdeurdina.eus\/es\/puntos-de-interes\/alisedo-de-tejeria\/","title":{"rendered":"Alisedo de Tejeria"},"content":{"rendered":"\n<p>Situado entre el arroyuelo de Bustinzuri y el arroyo de Abenda\u00f1o, el alisedo es la especie reina de este ecosistema. Un \u00e1rbol que alcanza los 20-30 metros de altura y se caracteriza por lo peculiar de sus hojas circulares y su fruto, similar a una pi\u00f1a. El alisedo, al ser una especie de gran absorci\u00f3n, desempe\u00f1a la funci\u00f3n de esponja eliminando sustanceas contaminantes y metales pesados. Junto con otros \u00e1rboles, el alisedo de Tejer\u00eda toma forma de bosque-ribera.<\/p>\n\n\n\n<p>La aliseda de Tejeria es una de las pocas que no ha desaparecido, muchas de ellas por actuaciones humanas. Por suerte, sigue siendo el h\u00e1bitat para infinidad de especies y un espacio ideal para la cr\u00eda de cachorros.<\/p>\n","protected":false},"featured_media":619,"template":"","meta":{"_acf_changed":true,"site-sidebar-layout":"default","site-content-layout":"","ast-site-content-layout":"full-width-container","site-content-style":"default","site-sidebar-style":"default","ast-global-header-display":"","ast-banner-title-visibility":"","ast-main-header-display":"","ast-hfb-above-header-display":"","ast-hfb-below-header-display":"","ast-hfb-mobile-header-display":"","site-post-title":"","ast-breadcrumbs-content":"","ast-featured-img":"","footer-sml-layout":"","ast-disable-related-posts":"","theme-transparent-header-meta":"","adv-header-id-meta":"","stick-header-meta":"","header-above-stick-meta":"","header-main-stick-meta":"","header-below-stick-meta":"","astra-migrate-meta-layouts":"default","ast-page-background-enabled":"default","ast-page-background-meta":{"desktop":{"background-color":"var(--ast-global-color-5)","background-image":"","background-repeat":"repeat","background-position":"center center","background-size":"auto","background-attachment":"scroll","background-type":"","background-media":"","overlay-type":"","overlay-color":"","overlay-opacity":"","overlay-gradient":""},"tablet":{"background-color":"","background-image":"","background-repeat":"repeat","background-position":"center center","background-size":"auto","background-attachment":"scroll","background-type":"","background-media":"","overlay-type":"","overlay-color":"","overlay-opacity":"","overlay-gradient":""},"mobile":{"background-color":"","background-image":"","background-repeat":"repeat","background-position":"center center","background-size":"auto","background-attachment":"scroll","background-type":"","background-media":"","overlay-type":"","overlay-color":"","overlay-opacity":"","overlay-gradient":""}},"ast-content-background-meta":{"desktop":{"background-color":"var(--ast-global-color-4)","background-image":"","background-repeat":"repeat","background-position":"center center","background-size":"auto","background-attachment":"scroll","background-type":"","background-media":"","overlay-type":"","overlay-color":"","overlay-opacity":"","overlay-gradient":""},"tablet":{"background-color":"var(--ast-global-color-4)","background-image":"","background-repeat":"repeat","background-position":"center center","background-size":"auto","background-attachment":"scroll","background-type":"","background-media":"","overlay-type":"","overlay-color":"","overlay-opacity":"","overlay-gradient":""},"mobile":{"background-color":"var(--ast-global-color-4)","background-image":"","background-repeat":"repeat","background-position":"center center","background-size":"auto","background-attachment":"scroll","background-type":"","background-media":"","overlay-type":"","overlay-color":"","overlay-opacity":"","overlay-gradient":""}}},"class_list":["post-5527","interes-guneak","type-interes-guneak","status-publish","has-post-thumbnail","hentry"],"acf":[],"yoast_head":"<!-- This site is optimized with the Yoast SEO plugin v27.1.1 - https:\/\/yoast.com\/product\/yoast-seo-wordpress\/ -->\n<title>Alisedo de Tejeria - Anillo Verde Azul de Zarautz<\/title>\n<meta name=\"description\" content=\"Situado entre el arroyuelo de Bustinzuri y el arroyo de Abenda\u00f1o, el alisedo es la especie reina de este ecosistema.\" \/>\n<meta name=\"robots\" content=\"index, follow, max-snippet:-1, max-image-preview:large, max-video-preview:-1\" \/>\n<link rel=\"canonical\" href=\"https:\/\/eraztunberdeurdina.eus\/es\/puntos-de-interes\/alisedo-de-tejeria\/\" \/>\n<meta property=\"og:locale\" content=\"es_ES\" \/>\n<meta property=\"og:type\" content=\"article\" \/>\n<meta property=\"og:title\" content=\"Alisedo de Tejeria - Anillo Verde Azul de Zarautz\" \/>\n<meta property=\"og:description\" content=\"Situado entre el arroyuelo de Bustinzuri y el arroyo de Abenda\u00f1o, el alisedo es la especie reina de este ecosistema.\" \/>\n<meta property=\"og:url\" content=\"https:\/\/eraztunberdeurdina.eus\/es\/puntos-de-interes\/alisedo-de-tejeria\/\" \/>\n<meta property=\"og:site_name\" content=\"Anillo Verde Azul de Zarautz\" \/>\n<meta property=\"article:modified_time\" content=\"2026-04-15T07:44:44+00:00\" \/>\n<meta property=\"og:image\" content=\"https:\/\/eraztunberdeurdina.eus\/wp-content\/uploads\/2018\/08\/ebu_interes_gunea_tejeria_haltzadia.jpg\" \/>\n\t<meta property=\"og:image:width\" content=\"800\" \/>\n\t<meta property=\"og:image:height\" content=\"533\" \/>\n\t<meta property=\"og:image:type\" content=\"image\/jpeg\" \/>\n<meta name=\"twitter:card\" content=\"summary_large_image\" \/>\n<meta name=\"twitter:label1\" content=\"Tiempo de lectura\" \/>\n\t<meta name=\"twitter:data1\" content=\"1 minuto\" \/>\n<script type=\"application\/ld+json\" class=\"yoast-schema-graph\">{\"@context\":\"https:\/\/schema.org\",\"@graph\":[{\"@type\":\"WebPage\",\"@id\":\"https:\/\/eraztunberdeurdina.eus\/es\/puntos-de-interes\/alisedo-de-tejeria\/\",\"url\":\"https:\/\/eraztunberdeurdina.eus\/es\/puntos-de-interes\/alisedo-de-tejeria\/\",\"name\":\"Alisedo de Tejeria - Anillo Verde Azul de Zarautz\",\"isPartOf\":{\"@id\":\"https:\/\/eraztunberdeurdina.eus\/#website\"},\"primaryImageOfPage\":{\"@id\":\"https:\/\/eraztunberdeurdina.eus\/es\/puntos-de-interes\/alisedo-de-tejeria\/#primaryimage\"},\"image\":{\"@id\":\"https:\/\/eraztunberdeurdina.eus\/es\/puntos-de-interes\/alisedo-de-tejeria\/#primaryimage\"},\"thumbnailUrl\":\"https:\/\/eraztunberdeurdina.eus\/wp-content\/uploads\/2018\/08\/ebu_interes_gunea_tejeria_haltzadia.jpg\",\"datePublished\":\"2026-04-14T07:59:24+00:00\",\"dateModified\":\"2026-04-15T07:44:44+00:00\",\"description\":\"Situado entre el arroyuelo de Bustinzuri y el arroyo de Abenda\u00f1o, el alisedo es la especie reina de este ecosistema.\",\"breadcrumb\":{\"@id\":\"https:\/\/eraztunberdeurdina.eus\/es\/puntos-de-interes\/alisedo-de-tejeria\/#breadcrumb\"},\"inLanguage\":\"es\",\"potentialAction\":[{\"@type\":\"ReadAction\",\"target\":[\"https:\/\/eraztunberdeurdina.eus\/es\/puntos-de-interes\/alisedo-de-tejeria\/\"]}]},{\"@type\":\"ImageObject\",\"inLanguage\":\"es\",\"@id\":\"https:\/\/eraztunberdeurdina.eus\/es\/puntos-de-interes\/alisedo-de-tejeria\/#primaryimage\",\"url\":\"https:\/\/eraztunberdeurdina.eus\/wp-content\/uploads\/2018\/08\/ebu_interes_gunea_tejeria_haltzadia.jpg\",\"contentUrl\":\"https:\/\/eraztunberdeurdina.eus\/wp-content\/uploads\/2018\/08\/ebu_interes_gunea_tejeria_haltzadia.jpg\",\"width\":800,\"height\":533,\"caption\":\"EBU interes-guneak: Tejeriako haltzadia\"},{\"@type\":\"BreadcrumbList\",\"@id\":\"https:\/\/eraztunberdeurdina.eus\/es\/puntos-de-interes\/alisedo-de-tejeria\/#breadcrumb\",\"itemListElement\":[{\"@type\":\"ListItem\",\"position\":1,\"name\":\"Home\",\"item\":\"https:\/\/eraztunberdeurdina.eus\/es\/anillo-verde-azul\/\"},{\"@type\":\"ListItem\",\"position\":2,\"name\":\"Puntos de inter\u00e9s\",\"item\":\"https:\/\/eraztunberdeurdina.eus\/es\/puntos-de-interes\/\"},{\"@type\":\"ListItem\",\"position\":3,\"name\":\"Alisedo de Tejeria\"}]},{\"@type\":\"WebSite\",\"@id\":\"https:\/\/eraztunberdeurdina.eus\/#website\",\"url\":\"https:\/\/eraztunberdeurdina.eus\/\",\"name\":\"Zarauzko Eraztun Berde Urdina\",\"description\":\"Herri-inguruko berdeguneen zaintza\",\"publisher\":{\"@id\":\"https:\/\/eraztunberdeurdina.eus\/#organization\"},\"potentialAction\":[{\"@type\":\"SearchAction\",\"target\":{\"@type\":\"EntryPoint\",\"urlTemplate\":\"https:\/\/eraztunberdeurdina.eus\/?s={search_term_string}\"},\"query-input\":{\"@type\":\"PropertyValueSpecification\",\"valueRequired\":true,\"valueName\":\"search_term_string\"}}],\"inLanguage\":\"es\"},{\"@type\":\"Organization\",\"@id\":\"https:\/\/eraztunberdeurdina.eus\/#organization\",\"name\":\"Zarauzko Eraztun Berde Urdina\",\"url\":\"https:\/\/eraztunberdeurdina.eus\/\",\"logo\":{\"@type\":\"ImageObject\",\"inLanguage\":\"es\",\"@id\":\"https:\/\/eraztunberdeurdina.eus\/#\/schema\/logo\/image\/\",\"url\":\"https:\/\/eraztunberdeurdina.eus\/wp-content\/uploads\/2018\/07\/EBUkoloretan.jpg\",\"contentUrl\":\"https:\/\/eraztunberdeurdina.eus\/wp-content\/uploads\/2018\/07\/EBUkoloretan.jpg\",\"width\":934,\"height\":687,\"caption\":\"Zarauzko Eraztun Berde Urdina\"},\"image\":{\"@id\":\"https:\/\/eraztunberdeurdina.eus\/#\/schema\/logo\/image\/\"}}]}<\/script>\n<!-- \/ Yoast SEO plugin. -->","yoast_head_json":{"title":"Alisedo de Tejeria - Anillo Verde Azul de Zarautz","description":"Situado entre el arroyuelo de Bustinzuri y el arroyo de Abenda\u00f1o, el alisedo es la especie reina de este ecosistema.","robots":{"index":"index","follow":"follow","max-snippet":"max-snippet:-1","max-image-preview":"max-image-preview:large","max-video-preview":"max-video-preview:-1"},"canonical":"https:\/\/eraztunberdeurdina.eus\/es\/puntos-de-interes\/alisedo-de-tejeria\/","og_locale":"es_ES","og_type":"article","og_title":"Alisedo de Tejeria - Anillo Verde Azul de Zarautz","og_description":"Situado entre el arroyuelo de Bustinzuri y el arroyo de Abenda\u00f1o, el alisedo es la especie reina de este ecosistema.","og_url":"https:\/\/eraztunberdeurdina.eus\/es\/puntos-de-interes\/alisedo-de-tejeria\/","og_site_name":"Anillo Verde Azul de Zarautz","article_modified_time":"2026-04-15T07:44:44+00:00","og_image":[{"width":800,"height":533,"url":"https:\/\/eraztunberdeurdina.eus\/wp-content\/uploads\/2018\/08\/ebu_interes_gunea_tejeria_haltzadia.jpg","type":"image\/jpeg"}],"twitter_card":"summary_large_image","twitter_misc":{"Tiempo de lectura":"1 minuto"},"schema":{"@context":"https:\/\/schema.org","@graph":[{"@type":"WebPage","@id":"https:\/\/eraztunberdeurdina.eus\/es\/puntos-de-interes\/alisedo-de-tejeria\/","url":"https:\/\/eraztunberdeurdina.eus\/es\/puntos-de-interes\/alisedo-de-tejeria\/","name":"Alisedo de Tejeria - Anillo Verde Azul de Zarautz","isPartOf":{"@id":"https:\/\/eraztunberdeurdina.eus\/#website"},"primaryImageOfPage":{"@id":"https:\/\/eraztunberdeurdina.eus\/es\/puntos-de-interes\/alisedo-de-tejeria\/#primaryimage"},"image":{"@id":"https:\/\/eraztunberdeurdina.eus\/es\/puntos-de-interes\/alisedo-de-tejeria\/#primaryimage"},"thumbnailUrl":"https:\/\/eraztunberdeurdina.eus\/wp-content\/uploads\/2018\/08\/ebu_interes_gunea_tejeria_haltzadia.jpg","datePublished":"2026-04-14T07:59:24+00:00","dateModified":"2026-04-15T07:44:44+00:00","description":"Situado entre el arroyuelo de Bustinzuri y el arroyo de Abenda\u00f1o, el alisedo es la especie reina de este ecosistema.","breadcrumb":{"@id":"https:\/\/eraztunberdeurdina.eus\/es\/puntos-de-interes\/alisedo-de-tejeria\/#breadcrumb"},"inLanguage":"es","potentialAction":[{"@type":"ReadAction","target":["https:\/\/eraztunberdeurdina.eus\/es\/puntos-de-interes\/alisedo-de-tejeria\/"]}]},{"@type":"ImageObject","inLanguage":"es","@id":"https:\/\/eraztunberdeurdina.eus\/es\/puntos-de-interes\/alisedo-de-tejeria\/#primaryimage","url":"https:\/\/eraztunberdeurdina.eus\/wp-content\/uploads\/2018\/08\/ebu_interes_gunea_tejeria_haltzadia.jpg","contentUrl":"https:\/\/eraztunberdeurdina.eus\/wp-content\/uploads\/2018\/08\/ebu_interes_gunea_tejeria_haltzadia.jpg","width":800,"height":533,"caption":"EBU interes-guneak: Tejeriako haltzadia"},{"@type":"BreadcrumbList","@id":"https:\/\/eraztunberdeurdina.eus\/es\/puntos-de-interes\/alisedo-de-tejeria\/#breadcrumb","itemListElement":[{"@type":"ListItem","position":1,"name":"Home","item":"https:\/\/eraztunberdeurdina.eus\/es\/anillo-verde-azul\/"},{"@type":"ListItem","position":2,"name":"Puntos de inter\u00e9s","item":"https:\/\/eraztunberdeurdina.eus\/es\/puntos-de-interes\/"},{"@type":"ListItem","position":3,"name":"Alisedo de Tejeria"}]},{"@type":"WebSite","@id":"https:\/\/eraztunberdeurdina.eus\/#website","url":"https:\/\/eraztunberdeurdina.eus\/","name":"Zarauzko Eraztun Berde Urdina","description":"Herri-inguruko berdeguneen zaintza","publisher":{"@id":"https:\/\/eraztunberdeurdina.eus\/#organization"},"potentialAction":[{"@type":"SearchAction","target":{"@type":"EntryPoint","urlTemplate":"https:\/\/eraztunberdeurdina.eus\/?s={search_term_string}"},"query-input":{"@type":"PropertyValueSpecification","valueRequired":true,"valueName":"search_term_string"}}],"inLanguage":"es"},{"@type":"Organization","@id":"https:\/\/eraztunberdeurdina.eus\/#organization","name":"Zarauzko Eraztun Berde Urdina","url":"https:\/\/eraztunberdeurdina.eus\/","logo":{"@type":"ImageObject","inLanguage":"es","@id":"https:\/\/eraztunberdeurdina.eus\/#\/schema\/logo\/image\/","url":"https:\/\/eraztunberdeurdina.eus\/wp-content\/uploads\/2018\/07\/EBUkoloretan.jpg","contentUrl":"https:\/\/eraztunberdeurdina.eus\/wp-content\/uploads\/2018\/07\/EBUkoloretan.jpg","width":934,"height":687,"caption":"Zarauzko Eraztun Berde Urdina"},"image":{"@id":"https:\/\/eraztunberdeurdina.eus\/#\/schema\/logo\/image\/"}}]}},"_links":{"self":[{"href":"https:\/\/eraztunberdeurdina.eus\/es\/wp-json\/wp\/v2\/interes-guneak\/5527","targetHints":{"allow":["GET"]}}],"collection":[{"href":"https:\/\/eraztunberdeurdina.eus\/es\/wp-json\/wp\/v2\/interes-guneak"}],"about":[{"href":"https:\/\/eraztunberdeurdina.eus\/es\/wp-json\/wp\/v2\/types\/interes-guneak"}],"wp:featuredmedia":[{"embeddable":true,"href":"https:\/\/eraztunberdeurdina.eus\/es\/wp-json\/wp\/v2\/media\/619"}],"wp:attachment":[{"href":"https:\/\/eraztunberdeurdina.eus\/es\/wp-json\/wp\/v2\/media?parent=5527"}],"curies":[{"name":"wp","href":"https:\/\/api.w.org\/{rel}","templated":true}]}}

<p>Situado entre el arroyuelo de Bustinzuri y el arroyo de Abendaño, el alisedo es la especie reina de este ecosistema. Un árbol que alcanza los 20-30 metros de altura y se caracteriza por lo peculiar de sus hojas circulares y su fruto, similar a una piña. El alisedo, al ser una especie de gran absorción, desempeña la función de esponja eliminando sustanceas contaminantes y metales pesados. Junto con otros árboles, el alisedo de Tejería toma forma de bosque-ribera.</p>



<p>La aliseda de Tejeria es una de las pocas que no ha desaparecido, muchas de ellas por actuaciones humanas. Por suerte, sigue siendo el hábitat para infinidad de especies y un espacio ideal para la cría de cachorros.</p>

<!-- This site is optimized with the Yoast SEO plugin v27.1.1 - https://yoast.com/product/yoast-seo-wordpress/ -->
<title>Alisedo de Tejeria - Anillo Verde Azul de Zarautz</title>
<meta name="description" content="Situado entre el arroyuelo de Bustinzuri y el arroyo de Abendaño, el alisedo es la especie reina de este ecosistema." />
<meta name="robots" content="index, follow, max-snippet:-1, max-image-preview:large, max-video-preview:-1" />
<link rel="canonical" href="https://eraztunberdeurdina.eus/es/puntos-de-interes/alisedo-de-tejeria/" />
<meta property="og:locale" content="es_ES" />
<meta property="og:type" content="article" />
<meta property="og:title" content="Alisedo de Tejeria - Anillo Verde Azul de Zarautz" />
<meta property="og:description" content="Situado entre el arroyuelo de Bustinzuri y el arroyo de Abendaño, el alisedo es la especie reina de este ecosistema." />
<meta property="og:url" content="https://eraztunberdeurdina.eus/es/puntos-de-interes/alisedo-de-tejeria/" />
<meta property="og:site_name" content="Anillo Verde Azul de Zarautz" />
<meta property="article:modified_time" content="2026-04-15T07:44:44+00:00" />
<meta property="og:image" content="https://eraztunberdeurdina.eus/wp-content/uploads/2018/08/ebu_interes_gunea_tejeria_haltzadia.jpg" />
	<meta property="og:image:width" content="800" />
	<meta property="og:image:height" content="533" />
	<meta property="og:image:type" content="image/jpeg" />
<meta name="twitter:card" content="summary_large_image" />
<meta name="twitter:label1" content="Tiempo de lectura" />
	<meta name="twitter:data1" content="1 minuto" />
<script type="application/ld+json" class="yoast-schema-graph">{"@context":"https://schema.org","@graph":[{"@type":"WebPage","@id":"https://eraztunberdeurdina.eus/es/puntos-de-interes/alisedo-de-tejeria/","url":"https://eraztunberdeurdina.eus/es/puntos-de-interes/alisedo-de-tejeria/","name":"Alisedo de Tejeria - Anillo Verde Azul de Zarautz","isPartOf":{"@id":"https://eraztunberdeurdina.eus/#website"},"primaryImageOfPage":{"@id":"https://eraztunberdeurdina.eus/es/puntos-de-interes/alisedo-de-tejeria/#primaryimage"},"image":{"@id":"https://eraztunberdeurdina.eus/es/puntos-de-interes/alisedo-de-tejeria/#primaryimage"},"thumbnailUrl":"https://eraztunberdeurdina.eus/wp-content/uploads/2018/08/ebu_interes_gunea_tejeria_haltzadia.jpg","datePublished":"2026-04-14T07:59:24+00:00","dateModified":"2026-04-15T07:44:44+00:00","description":"Situado entre el arroyuelo de Bustinzuri y el arroyo de Abendaño, el alisedo es la especie reina de este ecosistema.","breadcrumb":{"@id":"https://eraztunberdeurdina.eus/es/puntos-de-interes/alisedo-de-tejeria/#breadcrumb"},"inLanguage":"es","potentialAction":[{"@type":"ReadAction","target":["https://eraztunberdeurdina.eus/es/puntos-de-interes/alisedo-de-tejeria/"]}]},{"@type":"ImageObject","inLanguage":"es","@id":"https://eraztunberdeurdina.eus/es/puntos-de-interes/alisedo-de-tejeria/#primaryimage","url":"https://eraztunberdeurdina.eus/wp-content/uploads/2018/08/ebu_interes_gunea_tejeria_haltzadia.jpg","contentUrl":"https://eraztunberdeurdina.eus/wp-content/uploads/2018/08/ebu_interes_gunea_tejeria_haltzadia.jpg","width":800,"height":533,"caption":"EBU interes-guneak: Tejeriako haltzadia"},{"@type":"BreadcrumbList","@id":"https://eraztunberdeurdina.eus/es/puntos-de-interes/alisedo-de-tejeria/#breadcrumb","itemListElement":[{"@type":"ListItem","position":1,"name":"Home","item":"https://eraztunberdeurdina.eus/es/anillo-verde-azul/"},{"@type":"ListItem","position":2,"name":"Puntos de interés","item":"https://eraztunberdeurdina.eus/es/puntos-de-interes/"},{"@type":"ListItem","position":3,"name":"Alisedo de Tejeria"}]},{"@type":"WebSite","@id":"https://eraztunberdeurdina.eus/#website","url":"https://eraztunberdeurdina.eus/","name":"Zarauzko Eraztun Berde Urdina","description":"Herri-inguruko berdeguneen zaintza","publisher":{"@id":"https://eraztunberdeurdina.eus/#organization"},"potentialAction":[{"@type":"SearchAction","target":{"@type":"EntryPoint","urlTemplate":"https://eraztunberdeurdina.eus/?s={search_term_string}"},"query-input":{"@type":"PropertyValueSpecification","valueRequired":true,"valueName":"search_term_string"}}],"inLanguage":"es"},{"@type":"Organization","@id":"https://eraztunberdeurdina.eus/#organization","name":"Zarauzko Eraztun Berde Urdina","url":"https://eraztunberdeurdina.eus/","logo":{"@type":"ImageObject","inLanguage":"es","@id":"https://eraztunberdeurdina.eus/#/schema/logo/image/","url":"https://eraztunberdeurdina.eus/wp-content/uploads/2018/07/EBUkoloretan.jpg","contentUrl":"https://eraztunberdeurdina.eus/wp-content/uploads/2018/07/EBUkoloretan.jpg","width":934,"height":687,"caption":"Zarauzko Eraztun Berde Urdina"},"image":{"@id":"https://eraztunberdeurdina.eus/#/schema/logo/image/"}}]}</script>
<!-- / Yoast SEO plugin. -->

Situado entre el arroyuelo de Bustinzuri y el arroyo de Abendaño, el alisedo es la especie reina de este ecosistema.

Puntos de interés
