{"id":5533,"date":"2026-04-14T10:31:17","date_gmt":"2026-04-14T08:31:17","guid":{"rendered":"https:\/\/eraztunberdeurdina.eus\/?post_type=interes-guneak&#038;p=5533"},"modified":"2026-04-15T09:27:42","modified_gmt":"2026-04-15T07:27:42","slug":"iotopo-de-inurritza","status":"publish","type":"interes-guneak","link":"https:\/\/eraztunberdeurdina.eus\/es\/puntos-de-interes\/iotopo-de-inurritza\/","title":{"rendered":"Bi\u00f3topo de I\u00f1urritza"},"content":{"rendered":"\n<p>Un tesoro esculpido por el mar con 51,7 hect\u00e1reas de extensi\u00f3n. Biotopo protegido por la Red Natura 2000 desde 1997, es una muestra del ecosistema de la costa vasca integrado por dunas, marismas y acantilados.&nbsp;<\/p>\n\n\n\n<p>Se diferencian claramente dos zonas. El litoral, o la zona playera, acoge una amplia superficie de dunas, de las pocas que tenemos en nuestra costa. Junto a ella, se encuentra la desembocadura del riachuelo I\u00f1urritza. La zona interior est\u00e1 repleta de acantilados que guardan indicios de lo que fue el antiguo cargadero. Es una de zonas favoritas del halc\u00f3n com\u00fan (<em>Falco peregrinus<\/em>) donde podemos encontrar diferentes especies de plantas.<\/p>\n\n\n\n<p><\/p>\n","protected":false},"featured_media":5214,"template":"","meta":{"_acf_changed":false,"site-sidebar-layout":"default","site-content-layout":"","ast-site-content-layout":"full-width-container","site-content-style":"default","site-sidebar-style":"default","ast-global-header-display":"","ast-banner-title-visibility":"","ast-main-header-display":"","ast-hfb-above-header-display":"","ast-hfb-below-header-display":"","ast-hfb-mobile-header-display":"","site-post-title":"","ast-breadcrumbs-content":"","ast-featured-img":"","footer-sml-layout":"","ast-disable-related-posts":"","theme-transparent-header-meta":"","adv-header-id-meta":"","stick-header-meta":"","header-above-stick-meta":"","header-main-stick-meta":"","header-below-stick-meta":"","astra-migrate-meta-layouts":"default","ast-page-background-enabled":"default","ast-page-background-meta":{"desktop":{"background-color":"var(--ast-global-color-5)","background-image":"","background-repeat":"repeat","background-position":"center center","background-size":"auto","background-attachment":"scroll","background-type":"","background-media":"","overlay-type":"","overlay-color":"","overlay-opacity":"","overlay-gradient":""},"tablet":{"background-color":"","background-image":"","background-repeat":"repeat","background-position":"center center","background-size":"auto","background-attachment":"scroll","background-type":"","background-media":"","overlay-type":"","overlay-color":"","overlay-opacity":"","overlay-gradient":""},"mobile":{"background-color":"","background-image":"","background-repeat":"repeat","background-position":"center center","background-size":"auto","background-attachment":"scroll","background-type":"","background-media":"","overlay-type":"","overlay-color":"","overlay-opacity":"","overlay-gradient":""}},"ast-content-background-meta":{"desktop":{"background-color":"var(--ast-global-color-4)","background-image":"","background-repeat":"repeat","background-position":"center center","background-size":"auto","background-attachment":"scroll","background-type":"","background-media":"","overlay-type":"","overlay-color":"","overlay-opacity":"","overlay-gradient":""},"tablet":{"background-color":"var(--ast-global-color-4)","background-image":"","background-repeat":"repeat","background-position":"center center","background-size":"auto","background-attachment":"scroll","background-type":"","background-media":"","overlay-type":"","overlay-color":"","overlay-opacity":"","overlay-gradient":""},"mobile":{"background-color":"var(--ast-global-color-4)","background-image":"","background-repeat":"repeat","background-position":"center center","background-size":"auto","background-attachment":"scroll","background-type":"","background-media":"","overlay-type":"","overlay-color":"","overlay-opacity":"","overlay-gradient":""}}},"class_list":["post-5533","interes-guneak","type-interes-guneak","status-publish","has-post-thumbnail","hentry"],"acf":[],"yoast_head":"<!-- This site is optimized with the Yoast SEO plugin v27.1.1 - https:\/\/yoast.com\/product\/yoast-seo-wordpress\/ -->\n<title>Bi\u00f3topo de I\u00f1urritza - Anillo Verde Azul de Zarautz<\/title>\n<meta name=\"description\" content=\"Un tesoro esculpido por el mar con 51,7 hect\u00e1reas de extensi\u00f3n. Es una muestra del ecosistema de la costa vasca integrado por dunas, marismas y acantilados.\u00a0\" \/>\n<meta name=\"robots\" content=\"index, follow, max-snippet:-1, max-image-preview:large, max-video-preview:-1\" \/>\n<link rel=\"canonical\" href=\"https:\/\/eraztunberdeurdina.eus\/es\/puntos-de-interes\/iotopo-de-inurritza\/\" \/>\n<meta property=\"og:locale\" content=\"es_ES\" \/>\n<meta property=\"og:type\" content=\"article\" \/>\n<meta property=\"og:title\" content=\"Bi\u00f3topo de I\u00f1urritza - Anillo Verde Azul de Zarautz\" \/>\n<meta property=\"og:description\" content=\"Un tesoro esculpido por el mar con 51,7 hect\u00e1reas de extensi\u00f3n. Es una muestra del ecosistema de la costa vasca integrado por dunas, marismas y acantilados.\u00a0\" \/>\n<meta property=\"og:url\" content=\"https:\/\/eraztunberdeurdina.eus\/es\/puntos-de-interes\/iotopo-de-inurritza\/\" \/>\n<meta property=\"og:site_name\" content=\"Anillo Verde Azul de Zarautz\" \/>\n<meta property=\"article:modified_time\" content=\"2026-04-15T07:27:42+00:00\" \/>\n<meta name=\"twitter:card\" content=\"summary_large_image\" \/>\n<meta name=\"twitter:label1\" content=\"Tiempo de lectura\" \/>\n\t<meta name=\"twitter:data1\" content=\"1 minuto\" \/>\n<script type=\"application\/ld+json\" class=\"yoast-schema-graph\">{\"@context\":\"https:\/\/schema.org\",\"@graph\":[{\"@type\":\"WebPage\",\"@id\":\"https:\/\/eraztunberdeurdina.eus\/es\/puntos-de-interes\/iotopo-de-inurritza\/\",\"url\":\"https:\/\/eraztunberdeurdina.eus\/es\/puntos-de-interes\/iotopo-de-inurritza\/\",\"name\":\"Bi\u00f3topo de I\u00f1urritza - Anillo Verde Azul de Zarautz\",\"isPartOf\":{\"@id\":\"https:\/\/eraztunberdeurdina.eus\/#website\"},\"primaryImageOfPage\":{\"@id\":\"https:\/\/eraztunberdeurdina.eus\/es\/puntos-de-interes\/iotopo-de-inurritza\/#primaryimage\"},\"image\":{\"@id\":\"https:\/\/eraztunberdeurdina.eus\/es\/puntos-de-interes\/iotopo-de-inurritza\/#primaryimage\"},\"thumbnailUrl\":\"https:\/\/eraztunberdeurdina.eus\/wp-content\/uploads\/2026\/02\/Inurritza_2.avif\",\"datePublished\":\"2026-04-14T08:31:17+00:00\",\"dateModified\":\"2026-04-15T07:27:42+00:00\",\"description\":\"Un tesoro esculpido por el mar con 51,7 hect\u00e1reas de extensi\u00f3n. Es una muestra del ecosistema de la costa vasca integrado por dunas, marismas y acantilados.\u00a0\",\"breadcrumb\":{\"@id\":\"https:\/\/eraztunberdeurdina.eus\/es\/puntos-de-interes\/iotopo-de-inurritza\/#breadcrumb\"},\"inLanguage\":\"es\",\"potentialAction\":[{\"@type\":\"ReadAction\",\"target\":[\"https:\/\/eraztunberdeurdina.eus\/es\/puntos-de-interes\/iotopo-de-inurritza\/\"]}]},{\"@type\":\"ImageObject\",\"inLanguage\":\"es\",\"@id\":\"https:\/\/eraztunberdeurdina.eus\/es\/puntos-de-interes\/iotopo-de-inurritza\/#primaryimage\",\"url\":\"https:\/\/eraztunberdeurdina.eus\/wp-content\/uploads\/2026\/02\/Inurritza_2.avif\",\"contentUrl\":\"https:\/\/eraztunberdeurdina.eus\/wp-content\/uploads\/2026\/02\/Inurritza_2.avif\",\"width\":1920,\"height\":864,\"caption\":\"Inurritzako padura\"},{\"@type\":\"BreadcrumbList\",\"@id\":\"https:\/\/eraztunberdeurdina.eus\/es\/puntos-de-interes\/iotopo-de-inurritza\/#breadcrumb\",\"itemListElement\":[{\"@type\":\"ListItem\",\"position\":1,\"name\":\"Home\",\"item\":\"https:\/\/eraztunberdeurdina.eus\/es\/anillo-verde-azul\/\"},{\"@type\":\"ListItem\",\"position\":2,\"name\":\"Puntos de inter\u00e9s\",\"item\":\"https:\/\/eraztunberdeurdina.eus\/es\/puntos-de-interes\/\"},{\"@type\":\"ListItem\",\"position\":3,\"name\":\"Bi\u00f3topo de I\u00f1urritza\"}]},{\"@type\":\"WebSite\",\"@id\":\"https:\/\/eraztunberdeurdina.eus\/#website\",\"url\":\"https:\/\/eraztunberdeurdina.eus\/\",\"name\":\"Zarauzko Eraztun Berde Urdina\",\"description\":\"Herri-inguruko berdeguneen zaintza\",\"publisher\":{\"@id\":\"https:\/\/eraztunberdeurdina.eus\/#organization\"},\"potentialAction\":[{\"@type\":\"SearchAction\",\"target\":{\"@type\":\"EntryPoint\",\"urlTemplate\":\"https:\/\/eraztunberdeurdina.eus\/?s={search_term_string}\"},\"query-input\":{\"@type\":\"PropertyValueSpecification\",\"valueRequired\":true,\"valueName\":\"search_term_string\"}}],\"inLanguage\":\"es\"},{\"@type\":\"Organization\",\"@id\":\"https:\/\/eraztunberdeurdina.eus\/#organization\",\"name\":\"Zarauzko Eraztun Berde Urdina\",\"url\":\"https:\/\/eraztunberdeurdina.eus\/\",\"logo\":{\"@type\":\"ImageObject\",\"inLanguage\":\"es\",\"@id\":\"https:\/\/eraztunberdeurdina.eus\/#\/schema\/logo\/image\/\",\"url\":\"https:\/\/eraztunberdeurdina.eus\/wp-content\/uploads\/2018\/07\/EBUkoloretan.jpg\",\"contentUrl\":\"https:\/\/eraztunberdeurdina.eus\/wp-content\/uploads\/2018\/07\/EBUkoloretan.jpg\",\"width\":934,\"height\":687,\"caption\":\"Zarauzko Eraztun Berde Urdina\"},\"image\":{\"@id\":\"https:\/\/eraztunberdeurdina.eus\/#\/schema\/logo\/image\/\"}}]}<\/script>\n<!-- \/ Yoast SEO plugin. -->","yoast_head_json":{"title":"Bi\u00f3topo de I\u00f1urritza - Anillo Verde Azul de Zarautz","description":"Un tesoro esculpido por el mar con 51,7 hect\u00e1reas de extensi\u00f3n. Es una muestra del ecosistema de la costa vasca integrado por dunas, marismas y acantilados.\u00a0","robots":{"index":"index","follow":"follow","max-snippet":"max-snippet:-1","max-image-preview":"max-image-preview:large","max-video-preview":"max-video-preview:-1"},"canonical":"https:\/\/eraztunberdeurdina.eus\/es\/puntos-de-interes\/iotopo-de-inurritza\/","og_locale":"es_ES","og_type":"article","og_title":"Bi\u00f3topo de I\u00f1urritza - Anillo Verde Azul de Zarautz","og_description":"Un tesoro esculpido por el mar con 51,7 hect\u00e1reas de extensi\u00f3n. Es una muestra del ecosistema de la costa vasca integrado por dunas, marismas y acantilados.\u00a0","og_url":"https:\/\/eraztunberdeurdina.eus\/es\/puntos-de-interes\/iotopo-de-inurritza\/","og_site_name":"Anillo Verde Azul de Zarautz","article_modified_time":"2026-04-15T07:27:42+00:00","twitter_card":"summary_large_image","twitter_misc":{"Tiempo de lectura":"1 minuto"},"schema":{"@context":"https:\/\/schema.org","@graph":[{"@type":"WebPage","@id":"https:\/\/eraztunberdeurdina.eus\/es\/puntos-de-interes\/iotopo-de-inurritza\/","url":"https:\/\/eraztunberdeurdina.eus\/es\/puntos-de-interes\/iotopo-de-inurritza\/","name":"Bi\u00f3topo de I\u00f1urritza - Anillo Verde Azul de Zarautz","isPartOf":{"@id":"https:\/\/eraztunberdeurdina.eus\/#website"},"primaryImageOfPage":{"@id":"https:\/\/eraztunberdeurdina.eus\/es\/puntos-de-interes\/iotopo-de-inurritza\/#primaryimage"},"image":{"@id":"https:\/\/eraztunberdeurdina.eus\/es\/puntos-de-interes\/iotopo-de-inurritza\/#primaryimage"},"thumbnailUrl":"https:\/\/eraztunberdeurdina.eus\/wp-content\/uploads\/2026\/02\/Inurritza_2.avif","datePublished":"2026-04-14T08:31:17+00:00","dateModified":"2026-04-15T07:27:42+00:00","description":"Un tesoro esculpido por el mar con 51,7 hect\u00e1reas de extensi\u00f3n. Es una muestra del ecosistema de la costa vasca integrado por dunas, marismas y acantilados.\u00a0","breadcrumb":{"@id":"https:\/\/eraztunberdeurdina.eus\/es\/puntos-de-interes\/iotopo-de-inurritza\/#breadcrumb"},"inLanguage":"es","potentialAction":[{"@type":"ReadAction","target":["https:\/\/eraztunberdeurdina.eus\/es\/puntos-de-interes\/iotopo-de-inurritza\/"]}]},{"@type":"ImageObject","inLanguage":"es","@id":"https:\/\/eraztunberdeurdina.eus\/es\/puntos-de-interes\/iotopo-de-inurritza\/#primaryimage","url":"https:\/\/eraztunberdeurdina.eus\/wp-content\/uploads\/2026\/02\/Inurritza_2.avif","contentUrl":"https:\/\/eraztunberdeurdina.eus\/wp-content\/uploads\/2026\/02\/Inurritza_2.avif","width":1920,"height":864,"caption":"Inurritzako padura"},{"@type":"BreadcrumbList","@id":"https:\/\/eraztunberdeurdina.eus\/es\/puntos-de-interes\/iotopo-de-inurritza\/#breadcrumb","itemListElement":[{"@type":"ListItem","position":1,"name":"Home","item":"https:\/\/eraztunberdeurdina.eus\/es\/anillo-verde-azul\/"},{"@type":"ListItem","position":2,"name":"Puntos de inter\u00e9s","item":"https:\/\/eraztunberdeurdina.eus\/es\/puntos-de-interes\/"},{"@type":"ListItem","position":3,"name":"Bi\u00f3topo de I\u00f1urritza"}]},{"@type":"WebSite","@id":"https:\/\/eraztunberdeurdina.eus\/#website","url":"https:\/\/eraztunberdeurdina.eus\/","name":"Zarauzko Eraztun Berde Urdina","description":"Herri-inguruko berdeguneen zaintza","publisher":{"@id":"https:\/\/eraztunberdeurdina.eus\/#organization"},"potentialAction":[{"@type":"SearchAction","target":{"@type":"EntryPoint","urlTemplate":"https:\/\/eraztunberdeurdina.eus\/?s={search_term_string}"},"query-input":{"@type":"PropertyValueSpecification","valueRequired":true,"valueName":"search_term_string"}}],"inLanguage":"es"},{"@type":"Organization","@id":"https:\/\/eraztunberdeurdina.eus\/#organization","name":"Zarauzko Eraztun Berde Urdina","url":"https:\/\/eraztunberdeurdina.eus\/","logo":{"@type":"ImageObject","inLanguage":"es","@id":"https:\/\/eraztunberdeurdina.eus\/#\/schema\/logo\/image\/","url":"https:\/\/eraztunberdeurdina.eus\/wp-content\/uploads\/2018\/07\/EBUkoloretan.jpg","contentUrl":"https:\/\/eraztunberdeurdina.eus\/wp-content\/uploads\/2018\/07\/EBUkoloretan.jpg","width":934,"height":687,"caption":"Zarauzko Eraztun Berde Urdina"},"image":{"@id":"https:\/\/eraztunberdeurdina.eus\/#\/schema\/logo\/image\/"}}]}},"_links":{"self":[{"href":"https:\/\/eraztunberdeurdina.eus\/es\/wp-json\/wp\/v2\/interes-guneak\/5533","targetHints":{"allow":["GET"]}}],"collection":[{"href":"https:\/\/eraztunberdeurdina.eus\/es\/wp-json\/wp\/v2\/interes-guneak"}],"about":[{"href":"https:\/\/eraztunberdeurdina.eus\/es\/wp-json\/wp\/v2\/types\/interes-guneak"}],"wp:featuredmedia":[{"embeddable":true,"href":"https:\/\/eraztunberdeurdina.eus\/es\/wp-json\/wp\/v2\/media\/5214"}],"wp:attachment":[{"href":"https:\/\/eraztunberdeurdina.eus\/es\/wp-json\/wp\/v2\/media?parent=5533"}],"curies":[{"name":"wp","href":"https:\/\/api.w.org\/{rel}","templated":true}]}}

Biótopo de Iñurritza

<p>Un tesoro esculpido por el mar con 51,7 hectáreas de extensión. Biotopo protegido por la Red Natura 2000 desde 1997, es una muestra del ecosistema de la costa vasca integrado por dunas, marismas y acantilados.&nbsp;</p>



<p>Se diferencian claramente dos zonas. El litoral, o la zona playera, acoge una amplia superficie de dunas, de las pocas que tenemos en nuestra costa. Junto a ella, se encuentra la desembocadura del riachuelo Iñurritza. La zona interior está repleta de acantilados que guardan indicios de lo que fue el antiguo cargadero. Es una de zonas favoritas del halcón común (<em>Falco peregrinus</em>) donde podemos encontrar diferentes especies de plantas.</p>



<p></p>

<!-- This site is optimized with the Yoast SEO plugin v27.1.1 - https://yoast.com/product/yoast-seo-wordpress/ -->
<title>Biótopo de Iñurritza - Anillo Verde Azul de Zarautz</title>
<meta name="description" content="Un tesoro esculpido por el mar con 51,7 hectáreas de extensión. Es una muestra del ecosistema de la costa vasca integrado por dunas, marismas y acantilados. " />
<meta name="robots" content="index, follow, max-snippet:-1, max-image-preview:large, max-video-preview:-1" />
<link rel="canonical" href="https://eraztunberdeurdina.eus/es/puntos-de-interes/iotopo-de-inurritza/" />
<meta property="og:locale" content="es_ES" />
<meta property="og:type" content="article" />
<meta property="og:title" content="Biótopo de Iñurritza - Anillo Verde Azul de Zarautz" />
<meta property="og:description" content="Un tesoro esculpido por el mar con 51,7 hectáreas de extensión. Es una muestra del ecosistema de la costa vasca integrado por dunas, marismas y acantilados. " />
<meta property="og:url" content="https://eraztunberdeurdina.eus/es/puntos-de-interes/iotopo-de-inurritza/" />
<meta property="og:site_name" content="Anillo Verde Azul de Zarautz" />
<meta property="article:modified_time" content="2026-04-15T07:27:42+00:00" />
<meta name="twitter:card" content="summary_large_image" />
<meta name="twitter:label1" content="Tiempo de lectura" />
	<meta name="twitter:data1" content="1 minuto" />
<script type="application/ld+json" class="yoast-schema-graph">{"@context":"https://schema.org","@graph":[{"@type":"WebPage","@id":"https://eraztunberdeurdina.eus/es/puntos-de-interes/iotopo-de-inurritza/","url":"https://eraztunberdeurdina.eus/es/puntos-de-interes/iotopo-de-inurritza/","name":"Biótopo de Iñurritza - Anillo Verde Azul de Zarautz","isPartOf":{"@id":"https://eraztunberdeurdina.eus/#website"},"primaryImageOfPage":{"@id":"https://eraztunberdeurdina.eus/es/puntos-de-interes/iotopo-de-inurritza/#primaryimage"},"image":{"@id":"https://eraztunberdeurdina.eus/es/puntos-de-interes/iotopo-de-inurritza/#primaryimage"},"thumbnailUrl":"https://eraztunberdeurdina.eus/wp-content/uploads/2026/02/Inurritza_2.avif","datePublished":"2026-04-14T08:31:17+00:00","dateModified":"2026-04-15T07:27:42+00:00","description":"Un tesoro esculpido por el mar con 51,7 hectáreas de extensión. Es una muestra del ecosistema de la costa vasca integrado por dunas, marismas y acantilados. ","breadcrumb":{"@id":"https://eraztunberdeurdina.eus/es/puntos-de-interes/iotopo-de-inurritza/#breadcrumb"},"inLanguage":"es","potentialAction":[{"@type":"ReadAction","target":["https://eraztunberdeurdina.eus/es/puntos-de-interes/iotopo-de-inurritza/"]}]},{"@type":"ImageObject","inLanguage":"es","@id":"https://eraztunberdeurdina.eus/es/puntos-de-interes/iotopo-de-inurritza/#primaryimage","url":"https://eraztunberdeurdina.eus/wp-content/uploads/2026/02/Inurritza_2.avif","contentUrl":"https://eraztunberdeurdina.eus/wp-content/uploads/2026/02/Inurritza_2.avif","width":1920,"height":864,"caption":"Inurritzako padura"},{"@type":"BreadcrumbList","@id":"https://eraztunberdeurdina.eus/es/puntos-de-interes/iotopo-de-inurritza/#breadcrumb","itemListElement":[{"@type":"ListItem","position":1,"name":"Home","item":"https://eraztunberdeurdina.eus/es/anillo-verde-azul/"},{"@type":"ListItem","position":2,"name":"Puntos de interés","item":"https://eraztunberdeurdina.eus/es/puntos-de-interes/"},{"@type":"ListItem","position":3,"name":"Biótopo de Iñurritza"}]},{"@type":"WebSite","@id":"https://eraztunberdeurdina.eus/#website","url":"https://eraztunberdeurdina.eus/","name":"Zarauzko Eraztun Berde Urdina","description":"Herri-inguruko berdeguneen zaintza","publisher":{"@id":"https://eraztunberdeurdina.eus/#organization"},"potentialAction":[{"@type":"SearchAction","target":{"@type":"EntryPoint","urlTemplate":"https://eraztunberdeurdina.eus/?s={search_term_string}"},"query-input":{"@type":"PropertyValueSpecification","valueRequired":true,"valueName":"search_term_string"}}],"inLanguage":"es"},{"@type":"Organization","@id":"https://eraztunberdeurdina.eus/#organization","name":"Zarauzko Eraztun Berde Urdina","url":"https://eraztunberdeurdina.eus/","logo":{"@type":"ImageObject","inLanguage":"es","@id":"https://eraztunberdeurdina.eus/#/schema/logo/image/","url":"https://eraztunberdeurdina.eus/wp-content/uploads/2018/07/EBUkoloretan.jpg","contentUrl":"https://eraztunberdeurdina.eus/wp-content/uploads/2018/07/EBUkoloretan.jpg","width":934,"height":687,"caption":"Zarauzko Eraztun Berde Urdina"},"image":{"@id":"https://eraztunberdeurdina.eus/#/schema/logo/image/"}}]}</script>
<!-- / Yoast SEO plugin. -->

Biótopo de Iñurritza - Anillo Verde Azul de Zarautz

Un tesoro esculpido por el mar con 51,7 hectáreas de extensión. Es una muestra del ecosistema de la costa vasca integrado por dunas, marismas y acantilados.

Puntos de interés
